{"id":96,"date":"2009-01-13T17:52:51","date_gmt":"2009-01-13T16:52:51","guid":{"rendered":"http:\/\/beta.asoc-fulbright.es\/?page_id=96"},"modified":"2009-03-11T18:27:43","modified_gmt":"2009-03-11T17:27:43","slug":"fotos-del-encuentro-en-andalucia-en-2001","status":"publish","type":"page","link":"https:\/\/asoc-fulbright.es\/?page_id=96","title":{"rendered":"Fotos del Encuentro en Andaluc\u00eda en 2001"},"content":{"rendered":"<p>Fotos del encuentro en Andaluc\u00eda del a\u00f1o 2001.<\/p>\n","protected":false},"excerpt":{"rendered":"<p>Fotos del encuentro en Andaluc\u00eda del a\u00f1o 2001.<\/p>\n","protected":false},"author":1,"featured_media":0,"parent":347,"menu_order":0,"comment_status":"open","ping_status":"open","template":"","meta":{"ngg_post_thumbnail":0,"footnotes":""},"class_list":["post-96","page","type-page","status-publish","hentry"],"_links":{"self":[{"href":"https:\/\/asoc-fulbright.es\/index.php?rest_route=\/wp\/v2\/pages\/96","targetHints":{"allow":["GET"]}}],"collection":[{"href":"https:\/\/asoc-fulbright.es\/index.php?rest_route=\/wp\/v2\/pages"}],"about":[{"href":"https:\/\/asoc-fulbright.es\/index.php?rest_route=\/wp\/v2\/types\/page"}],"author":[{"embeddable":true,"href":"https:\/\/asoc-fulbright.es\/index.php?rest_route=\/wp\/v2\/users\/1"}],"replies":[{"embeddable":true,"href":"https:\/\/asoc-fulbright.es\/index.php?rest_route=%2Fwp%2Fv2%2Fcomments&post=96"}],"version-history":[{"count":3,"href":"https:\/\/asoc-fulbright.es\/index.php?rest_route=\/wp\/v2\/pages\/96\/revisions"}],"predecessor-version":[{"id":597,"href":"https:\/\/asoc-fulbright.es\/index.php?rest_route=\/wp\/v2\/pages\/96\/revisions\/597"}],"up":[{"embeddable":true,"href":"https:\/\/asoc-fulbright.es\/index.php?rest_route=\/wp\/v2\/pages\/347"}],"wp:attachment":[{"href":"https:\/\/asoc-fulbright.es\/index.php?rest_route=%2Fwp%2Fv2%2Fmedia&parent=96"}],"curies":[{"name":"wp","href":"https:\/\/api.w.org\/{rel}","templated":true}]}}