{"id":943,"date":"2009-06-25T21:24:11","date_gmt":"2009-06-25T20:24:11","guid":{"rendered":"http:\/\/beta.asoc-fulbright.es\/?page_id=943"},"modified":"2010-01-13T19:32:21","modified_gmt":"2010-01-13T18:32:21","slug":"patrocinadores-de-la-beca-en-2008","status":"publish","type":"page","link":"https:\/\/asoc-fulbright.es\/?page_id=943","title":{"rendered":"Patrocinadores de la Beca en 2008"},"content":{"rendered":"<h3>Patrocinadores Oro<\/h3>\n<p>Gloria del Campo<br \/>\nJuan D\u00edaz-Andreu<br \/>\nFundaci\u00f3n INNAXIS<br \/>\nLorenzo Rodr\u00edguez Dur\u00e1ntez<\/p>\n<h3>Patrocinadores Plata<\/h3>\n<p>Angel \u00c1lvarez<br \/>\nGonzalo Figuera<br \/>\nFernando Fournon<br \/>\nJuan Gardeta<br \/>\nAngel Gavieiro<br \/>\nOlga Gil<br \/>\nPilar Manzano<br \/>\nJos\u00e9 Manuel Pardo<br \/>\nEduardo P\u00e9rez<\/p>\n<h3>Patrocinadores Bronce<\/h3>\n<p>Pedro Cordero<br \/>\nJos\u00e9 Manuel P\u00e1ez<\/p>\n<h3>Otros Patrocinios<\/h3>\n<p>Venta de grabados de Antonio Escobar<br \/>\nVenta de grabados de Antonio Naval<br \/>\nVenta de Cava Asociaci\u00f3n<br \/>\nVenta de Vino Asociaci\u00f3n<\/p>\n","protected":false},"excerpt":{"rendered":"<p>Patrocinadores Oro Gloria del Campo Juan D\u00edaz-Andreu Fundaci\u00f3n INNAXIS Lorenzo Rodr\u00edguez Dur\u00e1ntez Patrocinadores Plata Angel \u00c1lvarez Gonzalo Figuera Fernando Fournon Juan Gardeta Angel Gavieiro Olga Gil Pilar Manzano Jos\u00e9 Manuel Pardo Eduardo P\u00e9rez Patrocinadores Bronce Pedro Cordero Jos\u00e9 Manuel P\u00e1ez Otros Patrocinios Venta de grabados de Antonio Escobar Venta de grabados de Antonio Naval Venta [&hellip;]<\/p>\n","protected":false},"author":1,"featured_media":0,"parent":316,"menu_order":0,"comment_status":"open","ping_status":"open","template":"","meta":{"ngg_post_thumbnail":0,"footnotes":""},"class_list":["post-943","page","type-page","status-publish","hentry"],"_links":{"self":[{"href":"https:\/\/asoc-fulbright.es\/index.php?rest_route=\/wp\/v2\/pages\/943","targetHints":{"allow":["GET"]}}],"collection":[{"href":"https:\/\/asoc-fulbright.es\/index.php?rest_route=\/wp\/v2\/pages"}],"about":[{"href":"https:\/\/asoc-fulbright.es\/index.php?rest_route=\/wp\/v2\/types\/page"}],"author":[{"embeddable":true,"href":"https:\/\/asoc-fulbright.es\/index.php?rest_route=\/wp\/v2\/users\/1"}],"replies":[{"embeddable":true,"href":"https:\/\/asoc-fulbright.es\/index.php?rest_route=%2Fwp%2Fv2%2Fcomments&post=943"}],"version-history":[{"count":4,"href":"https:\/\/asoc-fulbright.es\/index.php?rest_route=\/wp\/v2\/pages\/943\/revisions"}],"predecessor-version":[{"id":1361,"href":"https:\/\/asoc-fulbright.es\/index.php?rest_route=\/wp\/v2\/pages\/943\/revisions\/1361"}],"up":[{"embeddable":true,"href":"https:\/\/asoc-fulbright.es\/index.php?rest_route=\/wp\/v2\/pages\/316"}],"wp:attachment":[{"href":"https:\/\/asoc-fulbright.es\/index.php?rest_route=%2Fwp%2Fv2%2Fmedia&parent=943"}],"curies":[{"name":"wp","href":"https:\/\/api.w.org\/{rel}","templated":true}]}}