{"id":715,"date":"2009-06-12T11:49:18","date_gmt":"2009-06-12T10:49:18","guid":{"rendered":"http:\/\/beta.asoc-fulbright.es\/?page_id=715"},"modified":"2020-10-13T16:09:42","modified_gmt":"2020-10-13T15:09:42","slug":"tertulias-fulbright-2006-1997","status":"publish","type":"page","link":"https:\/\/asoc-fulbright.es\/?page_id=715","title":{"rendered":"Tertulias Fulbright 2006-1997"},"content":{"rendered":"<p>Por \u00faltimo, en esta p\u00e1gina se encuentran indexadas todas las Tertulias Fulbright que se realizaron del a\u00f1o 2006 al 1997:<\/p>\n<ul>\n<li><strong><a href=\"http:\/\/asoc-fulbright.es\/?page_id=188\">La recuperaci\u00f3n del legado escrito: la memoria de la antig\u00fcedad<\/a><\/strong><br \/>\n<strong>Ponente:<\/strong> Sof\u00eda Torallas Tovar<br \/>\n<strong>Fecha:<\/strong> Diciembre 2006<\/li>\n<\/ul>\n<ul>\n<li><strong><a href=\"https:\/\/asoc-fulbright.es\/?page_id=206\">Globalizaci\u00f3n y crisis de liderazgo global<\/a><\/strong><br \/>\n<strong>Ponente:<\/strong> Mart\u00edn Ortega Carcel\u00e9n<br \/>\n<strong>Fecha:<\/strong> Noviembre 2006<\/li>\n<\/ul>\n<ul>\n<li><strong><a href=\"https:\/\/asoc-fulbright.es\/?page_id=208\">Las prioridades de la pol\u00edtica exterior espa\u00f1ola<\/a><\/strong><br \/>\n<strong> Ponente:<\/strong> Rafael Dezcallar de Mazarredo<br \/>\n<strong>Fecha: <\/strong>Octubre 2006<\/li>\n<\/ul>\n<ul>\n<li><strong><a href=\"https:\/\/asoc-fulbright.es\/?page_id=210\">Malaysia: The Struggle for Peace, Stability and Development<\/a><\/strong><br \/>\n<strong>Ponente: <\/strong>Dr. Mohd. Yusof Ahmad.<br \/>\n<strong>Fecha: <\/strong>Septiembre 2006<\/li>\n<\/ul>\n<ul>\n<li><strong><a href=\"https:\/\/asoc-fulbright.es\/?page_id=212\">El Quijote frente a la realidad. Una lectura estad\u00edstica<\/a><\/strong><br \/>\n<strong>Ponente:<\/strong> D. Jos\u00e9 Aranda Aznar<br \/>\n<strong>Fecha:<\/strong> Julio 2006<\/li>\n<\/ul>\n<ul>\n<li><strong><a href=\"https:\/\/asoc-fulbright.es\/?page_id=214\">La revoluci\u00f3n pendiente de la Universidad Espa\u00f1ola<\/a><\/strong><br \/>\n<strong>Ponente:<\/strong> D. Jos\u00e9 Canosa<br \/>\n<strong>Fecha: <\/strong>Junio 2006<\/li>\n<\/ul>\n<ul>\n<li><strong><a href=\"https:\/\/asoc-fulbright.es\/?page_id=216\">\u00bfQu\u00e9 mueve los mercados?<\/a><\/strong><br \/>\n<strong>Ponente:<\/strong> D. Juan Antonio Perez-Campanero Fern\u00e1ndez<br \/>\n<strong>Fecha: <\/strong>Mayo 2006<\/li>\n<\/ul>\n<ul>\n<li><strong><a href=\"https:\/\/asoc-fulbright.es\/?page_id=218\">En el 20\u00ba Aniversario de la incorporaci\u00f3n de Espa\u00f1a, Estado actual y perspectivas de la Uni\u00f3n Europea<\/a><\/strong><br \/>\n<strong>Ponente:<\/strong> D. Jos\u00e9 Luis Gonz\u00e1lez Vallv\u00e9<br \/>\n<strong>Fecha: <\/strong>Abril 2006<\/li>\n<\/ul>\n<ul>\n<li><strong><a href=\"https:\/\/asoc-fulbright.es\/?page_id=221\">Interpretaci\u00f3n monetarista de la historia<\/a><\/strong><br \/>\n<strong>Ponente: <\/strong>D. Manuel Funes Robert<br \/>\n<strong>Fecha: <\/strong>Marzo 2006<\/li>\n<\/ul>\n<ul>\n<li><strong><a href=\"https:\/\/asoc-fulbright.es\/?page_id=223\">El momento de Bolivia<\/a><\/strong><br \/>\n<strong>Ponente: <\/strong>D\u00aa Teresa Ossio Bustillos<br \/>\n<strong>Fecha: <\/strong>Febrero 2006<\/li>\n<\/ul>\n<ul>\n<li><strong><a href=\"https:\/\/asoc-fulbright.es\/?page_id=225\">Islamismo, el radicalismo desvelado<\/a><\/strong><br \/>\nPonente: Ignacio de la Torre<br \/>\n<strong>Fecha: <\/strong><\/li>\n<\/ul>\n<ul>\n<li><strong><a href=\"https:\/\/asoc-fulbright.es\/?page_id=227\">Crecimiento y conocimiento en la Econom\u00eda Espa\u00f1ola<\/a><\/strong><br \/>\n<strong>Ponente: <\/strong>Emilio Ontiveros<br \/>\n<strong>Fecha: <\/strong>Diciembre 2005<\/li>\n<\/ul>\n<ul>\n<li><strong><a href=\"https:\/\/asoc-fulbright.es\/?page_id=229\">Fundaciones Culturales<\/a><\/strong><br \/>\n<strong>Ponente: <\/strong>Pablo Jim\u00e9nez Burillo<br \/>\n<strong>Fecha: <\/strong>Noviembre 2005<\/li>\n<\/ul>\n<ul>\n<li><strong><a href=\"https:\/\/asoc-fulbright.es\/?page_id=231\">Las relaciones entre Estados Unidos y Espa\u00f1a tras el 11-S y el 11M<\/a><\/strong><br \/>\n<strong>Ponente: <\/strong>D. Manuel de la C\u00e1mara<br \/>\n<strong>Fecha: <\/strong>Octubre 2005<\/li>\n<\/ul>\n<ul>\n<li><strong><a href=\"https:\/\/asoc-fulbright.es\/?page_id=233\">M\u00e1s all\u00e1 del c\u00e1lculo, muestrario de modernidad reflexiva, creatividad y conflicto en la ingenier\u00eda Espa\u00f1ola<\/a><\/strong><br \/>\n<strong>Ponente: <\/strong>C\u00e9sar Lanza<br \/>\n<strong>Fecha: <\/strong>Septiembre 2005<\/li>\n<\/ul>\n<ul>\n<li><strong><a href=\"https:\/\/asoc-fulbright.es\/?page_id=235\">Innovaci\u00f3n y Riesgo en Espa\u00f1a: \u00bfes posible ser emprendedor en nuestro pa\u00eds?<\/a><\/strong><br \/>\n<strong>Ponente: <\/strong>David del Val<br \/>\n<strong>Fecha: <\/strong>Julio 2005<\/li>\n<\/ul>\n<ul>\n<li><strong><a href=\"https:\/\/asoc-fulbright.es\/?page_id=237\">El mundo hispano en los EEUU y el mito de la frontera<\/a><\/strong><br \/>\n<strong>Ponente: <\/strong>D. Eduardo Garrigues L\u00f3pez-Chicheri<br \/>\n<strong>Fecha: <\/strong>Junio 2005<\/li>\n<\/ul>\n<ul>\n<li><strong><a href=\"https:\/\/asoc-fulbright.es\/?page_id=239\">Centenario del nacimiento del Senador J. William Fulbright<\/a><\/strong><br \/>\n<strong>Ponente: <\/strong>Felipe Sahag\u00fan<br \/>\n<strong>Fecha: <\/strong>Mayo 2005<\/li>\n<\/ul>\n<ul>\n<li><strong><a href=\"https:\/\/asoc-fulbright.es\/?page_id=241\">Los Templarios y los Or\u00edgenes de la Banca<\/a><\/strong><br \/>\n<strong>Ponente: <\/strong>Ignacio de la Torre<br \/>\n<strong>Fecha: <\/strong>Abril 2005<\/li>\n<\/ul>\n<ul>\n<li><strong><a href=\"https:\/\/asoc-fulbright.es\/?page_id=243\">El despertar cultural del drag\u00f3n chino<\/a><\/strong><br \/>\n<strong>Ponente: <\/strong>Taciana Fisac Badell<br \/>\n<strong>Fecha: <\/strong>Marzo 2005<\/li>\n<\/ul>\n<ul>\n<li><strong><a href=\"https:\/\/asoc-fulbright.es\/?page_id=245\">Dos grados: networking. Cultiva tu Red de Contactos<\/a><\/strong><br \/>\n<strong>Ponente: <\/strong>Sonia Fern\u00e1ndez<br \/>\n<strong>Fecha: <\/strong>Febrero 2005<\/li>\n<\/ul>\n<ul>\n<li><strong><a href=\"https:\/\/asoc-fulbright.es\/?page_id=247\">La Constituci\u00f3n Espa\u00f1ola<\/a><\/strong><br \/>\n<strong>Ponente: <\/strong>Miguel Herrero y Rod\u00edguez de Mi\u00f1\u00f3n<br \/>\n<strong>Fecha: <\/strong>Enero 2005<\/li>\n<\/ul>\n<div class=\"plain\">\n<ul>\n<li><strong><a href=\"https:\/\/asoc-fulbright.es\/?page_id=249\">Goya y las mujeres<\/a><br \/>\n<\/strong><strong>Ponente: <\/strong>Natacha Sese\u00f1a<br \/>\n<strong>Fecha: <\/strong>Diciembre 2004<\/li>\n<\/ul>\n<ul>\n<li><strong><a href=\"https:\/\/asoc-fulbright.es\/?page_id=251\">El sistema electoral en EE.UU<\/a><\/strong><br \/>\n<strong>Ponente: <\/strong>Ferran Mart\u00ednez i Coma<br \/>\n<strong>Fecha: <\/strong>Noviembre 2004<\/li>\n<\/ul>\n<ul>\n<li><strong><a href=\"https:\/\/asoc-fulbright.es\/?page_id=253\">Perspectivas para las elecciones presidenciales en EE.UU. el 2 de noviembre<\/a><\/strong><br \/>\n<strong>Ponente: <\/strong>Juan Verde<br \/>\n<strong>Fecha: <\/strong>Octubre 2004<\/li>\n<\/ul>\n<ul>\n<li><strong><a href=\"https:\/\/asoc-fulbright.es\/?page_id=255\">Diplomacia y arte en tiempos de los austrias<\/a><\/strong><br \/>\n<strong>Ponente: <\/strong>L. Alonso Gonz\u00e1lez de Gregorio \u00c1lvarez de Toledo<br \/>\n<strong>Fecha: <\/strong>Septiembre 2004<\/li>\n<\/ul>\n<ul>\n<li><strong><a href=\"https:\/\/asoc-fulbright.es\/?page_id=257\">\u00bfTiene Al Qaeda una estrategia global?<\/a><\/strong><br \/>\n<strong>Ponente: <\/strong>Haizam Amirah Fernandez<br \/>\n<strong>Fecha: <\/strong>Julio 2004<\/li>\n<\/ul>\n<ul>\n<li><strong><a href=\"https:\/\/asoc-fulbright.es\/?page_id=259\">Hungr\u00eda: nuevo miembro de la Uni\u00f3n Europea<\/a><\/strong><br \/>\n<strong>Ponente: <\/strong>Excmo Sr. D. G\u00e1bor T\u00f3th. Embajador de Hungr\u00eda<br \/>\n<strong>Fecha: <\/strong>Junio 2004<\/li>\n<\/ul>\n<ul>\n<li><strong><a href=\"https:\/\/asoc-fulbright.es\/?page_id=261\">Ashoka, emprendedores sociales: innovaci\u00f3n y capital riesgo para el sector social<\/a><\/strong><br \/>\n<strong>Ponente: <\/strong>D. Mar\u00eda Zapata Ca\u00f1edo<br \/>\n<strong>Fecha: <\/strong>Mayo 2004<\/li>\n<\/ul>\n<ul>\n<li><strong><a href=\"https:\/\/asoc-fulbright.es\/?page_id=263\">Astrobiolog\u00eda: La b\u00fasqueda cient\u00edfica de vida en el Universo<\/a><\/strong><br \/>\n<strong>Ponente: <\/strong>D. Juan Perez Mercader<br \/>\n<strong>Fecha: <\/strong>Abril 2004<\/li>\n<\/ul>\n<ul>\n<li><strong><a href=\"https:\/\/asoc-fulbright.es\/?page_id=265\">En busca de Merl\u00edn<\/a><\/strong><br \/>\n<strong>Ponente: <\/strong>D. Jos\u00e9 de Eusebio<br \/>\n<strong>Fecha: <\/strong>Marzo 2004<\/li>\n<\/ul>\n<ul>\n<li><strong><a href=\"https:\/\/asoc-fulbright.es\/?page_id=267\">Nuevos avances en la investigaci\u00f3n oncol\u00f3gica: Retos y Esperanzas<\/a><\/strong><br \/>\n<strong>Ponente: <\/strong><strong>Fecha: <\/strong>Febrero 2004<\/li>\n<\/ul>\n<ul>\n<li><strong><a href=\"https:\/\/asoc-fulbright.es\/?page_id=269\">El conflicto Palestino-Israeli<\/a><\/strong><br \/>\n<strong>Ponente: <\/strong>D. Miguel \u00c1ngel Moratinos<br \/>\n<strong>Fecha: <\/strong>Enero 2004<\/li>\n<\/ul>\n<ul>\n<li><strong><a href=\"https:\/\/asoc-fulbright.es\/?page_id=271\">Historias de las telecomunicaciones: paralelismos con el pasado<\/a><\/strong><br \/>\n<strong>Ponente: <\/strong>D. Jose de la Pe\u00f1a<br \/>\n<strong>Fecha: <\/strong>Diciembre 2003<\/li>\n<\/ul>\n<ul>\n<li><strong><a href=\"https:\/\/asoc-fulbright.es\/?page_id=274\">La transici\u00f3n en Espa\u00f1a<\/a><\/strong><br \/>\n<strong>Ponente: <\/strong>Jose Luis \u00c1lvarez \u00c1lvarez<br \/>\n<strong>Fecha: <\/strong>Noviembre 2003<\/li>\n<\/ul>\n<ul>\n<li><strong><a href=\"https:\/\/asoc-fulbright.es\/?page_id=276\">La Espa\u00f1a plural: Una propuesta para el mejor funcionamiento del estado de las autonom\u00edas<\/a><\/strong><br \/>\n<strong>Ponente: <\/strong>D. Juan Fernando L\u00f3pez Aguilar<br \/>\n<strong>Fecha: <\/strong> Octubre 2003<\/li>\n<\/ul>\n<ul>\n<li><strong><a href=\"https:\/\/asoc-fulbright.es\/?page_id=278\">Despu\u00e9s de Iraq: Europa y Estados Unidos de nuevo frente a frente. Ruptura, nueva alianza o simplemente reparto desigual?<\/a><\/strong><br \/>\n<strong>Ponente: <\/strong>D. Luciano Berrocal<br \/>\n<strong>Fecha: <\/strong>Septiembre 2003<\/li>\n<\/ul>\n<ul>\n<li><strong><a href=\"https:\/\/asoc-fulbright.es\/?page_id=280\">En el siglo XXI, \u00bfnos espera un orden mundial unipolar o multipolar?<\/a><\/strong><br \/>\n<strong>Ponente: <\/strong>D. Emilio Lamo de Espinosa<br \/>\n<strong>Fecha: <\/strong>Julio 2003<\/li>\n<\/ul>\n<ul>\n<li><strong><a href=\"https:\/\/asoc-fulbright.es\/?page_id=282\">La Residencia de Estudiantes en la historia intelectual de la edad de plata Espa\u00f1ola<\/a><\/strong><br \/>\n<strong>Ponente: <\/strong>D. Jose Garcia-Velasco<br \/>\n<strong>Fecha: <\/strong>Junio 2003<\/li>\n<\/ul>\n<ul>\n<li><strong><a href=\"https:\/\/asoc-fulbright.es\/?page_id=284\">Copia, que algo queda (o de como las cosas pueden ser de otra manera)<\/a><\/strong><br \/>\n<strong>Ponente: <\/strong>D. Jes\u00fas M. Gonz\u00e1lez Barahona<br \/>\n<strong>Fecha: <\/strong>Mayo 2003<\/li>\n<\/ul>\n<ul>\n<li><strong><a href=\"https:\/\/asoc-fulbright.es\/?page_id=286\">Problem\u00e1tica actual de la Justicia<\/a><\/strong><br \/>\n<strong>Ponente: <\/strong>D. Javier Moscoso<br \/>\n<strong>Fecha: <\/strong>Abril 2002<\/li>\n<\/ul>\n<ul>\n<li><strong><a href=\"https:\/\/asoc-fulbright.es\/?page_id=288\">Filosof\u00eda de la Ciencia en el siglo XXI: de Thomas Kuhn a Ian Hacking<\/a><\/strong><br \/>\n<strong>Ponente: <\/strong>D. Mauricio Su\u00e1rez<br \/>\n<strong>Fecha: <\/strong>Marzo 2002<\/li>\n<\/ul>\n<ul>\n<li><strong><a href=\"https:\/\/asoc-fulbright.es\/?page_id=290\">Genoma Humano: La medicina del siglo XXI<\/a><\/strong><br \/>\n<strong>Ponente: <\/strong>D. Feliciano J. Ramos Fuentes<br \/>\n<strong>Fecha: <\/strong>Febrero 2002<\/li>\n<\/ul>\n<ul>\n<li><strong><a href=\"https:\/\/asoc-fulbright.es\/?page_id=292\">Liderazgo creativo: un reto de nuestro tiempo<\/a><\/strong><br \/>\n<strong>Ponente: <\/strong>D. C\u00e9sar D\u00edaz-Carrera<br \/>\n<strong>Fecha: <\/strong>Diciembre 2001<\/li>\n<\/ul>\n<ul>\n<li><strong><a href=\"https:\/\/asoc-fulbright.es\/?page_id=296\">El Islam y el islamismo: su incidencia en el nuevo terrorismo y en el rediseno de la arquitectura de seguridad mundial<\/a><\/strong><br \/>\n<strong>Ponente: <\/strong>D. Gustavo Ar\u00edstegui y San Rom\u00e1n<br \/>\n<strong>Fecha: <\/strong>Noviembre 2001<\/li>\n<\/ul>\n<ul>\n<li><strong><a href=\"https:\/\/asoc-fulbright.es\/?page_id=296\">El Islamismo radical: desaf\u00edo y respuestas<\/a><br \/>\n<\/strong><strong>Ponente: <\/strong>D. Carlos Echeverria<br \/>\n<strong>Fecha: <\/strong>Octubre 2001<\/li>\n<\/ul>\n<ul>\n<li><strong><a href=\"https:\/\/asoc-fulbright.es\/?page_id=298\">Cuentos y m\u00fasica: un idilio permanente<\/a><\/strong><br \/>\n<strong>Ponente: <\/strong>D. Fernando Palacios<br \/>\n<strong>Fecha: <\/strong>Junio 2001<\/li>\n<\/ul>\n<ul>\n<li><strong><a href=\"https:\/\/asoc-fulbright.es\/?page_id=300\">Simulaci\u00f3n de catastrofes<\/a><\/strong><br \/>\n<strong>Ponente: <\/strong>D. Joaqu\u00edn Mart\u00ed<br \/>\n<strong>Fecha: <\/strong>Diciember 2000<\/li>\n<\/ul>\n<ul>\n<li><strong><a href=\"https:\/\/asoc-fulbright.es\/?page_id=302\">Los Manuscritos del Mar Muerto<\/a><\/strong><br \/>\n<strong>Ponente:<\/strong> D. Florentino Garc\u00eda Mart\u00ednez<br \/>\n<strong>Fecha: <\/strong>Septiembre 1997<\/li>\n<\/ul>\n<ul>\n<li><strong><a href=\"https:\/\/asoc-fulbright.es\/?page_id=304\">La perspectiva Nacional e Internacional en Investigaci\u00f3n y Desarrollo<\/a><\/strong><br \/>\n<strong>Ponente: <\/strong>D. Gonzalo Le\u00f3n Serrano<br \/>\n<strong>Fecha: <\/strong>Mayo 1997<\/li>\n<\/ul>\n<ul>\n<li><strong><a href=\"https:\/\/asoc-fulbright.es\/?page_id=307\">El juda\u00edsmo: cultura y tradici\u00f3n<\/a><\/strong><br \/>\n<strong>Ponente: <\/strong>D. Mariano Gomez Aranda<br \/>\n<strong>Fecha: <\/strong>Abril 1997<\/li>\n<\/ul>\n<ul>\n<li><strong><a href=\"https:\/\/asoc-fulbright.es\/?page_id=309\">Interpretaci\u00f3n de los mapas del tiempo<\/a><\/strong><br \/>\n<strong>Ponente: <\/strong>D. Jos\u00e9 Ardao<br \/>\n<strong>Fecha: <\/strong>Marzo 1997<\/li>\n<\/ul>\n<ul>\n<li><strong><a href=\"https:\/\/asoc-fulbright.es\/?page_id=311\">La globalizaci\u00f3n de la economia<\/a><\/strong><br \/>\n<strong>Ponente: <\/strong>D. Joaqu\u00edn Estefan\u00eda<br \/>\n<strong>Fecha: <\/strong>Febrero 1997<\/li>\n<\/ul>\n<\/div>\n","protected":false},"excerpt":{"rendered":"<p>Por \u00faltimo, en esta p\u00e1gina se encuentran indexadas todas las Tertulias Fulbright que se realizaron del a\u00f1o 2006 al 1997: La recuperaci\u00f3n del legado escrito: la memoria de la antig\u00fcedad Ponente: Sof\u00eda Torallas Tovar Fecha: Diciembre 2006 Globalizaci\u00f3n y crisis de liderazgo global Ponente: Mart\u00edn Ortega Carcel\u00e9n Fecha: Noviembre 2006 Las prioridades de la pol\u00edtica [&hellip;]<\/p>\n","protected":false},"author":1,"featured_media":0,"parent":154,"menu_order":0,"comment_status":"open","ping_status":"open","template":"","meta":{"ngg_post_thumbnail":0,"footnotes":""},"class_list":["post-715","page","type-page","status-publish","hentry"],"_links":{"self":[{"href":"https:\/\/asoc-fulbright.es\/index.php?rest_route=\/wp\/v2\/pages\/715","targetHints":{"allow":["GET"]}}],"collection":[{"href":"https:\/\/asoc-fulbright.es\/index.php?rest_route=\/wp\/v2\/pages"}],"about":[{"href":"https:\/\/asoc-fulbright.es\/index.php?rest_route=\/wp\/v2\/types\/page"}],"author":[{"embeddable":true,"href":"https:\/\/asoc-fulbright.es\/index.php?rest_route=\/wp\/v2\/users\/1"}],"replies":[{"embeddable":true,"href":"https:\/\/asoc-fulbright.es\/index.php?rest_route=%2Fwp%2Fv2%2Fcomments&post=715"}],"version-history":[{"count":26,"href":"https:\/\/asoc-fulbright.es\/index.php?rest_route=\/wp\/v2\/pages\/715\/revisions"}],"predecessor-version":[{"id":4753,"href":"https:\/\/asoc-fulbright.es\/index.php?rest_route=\/wp\/v2\/pages\/715\/revisions\/4753"}],"up":[{"embeddable":true,"href":"https:\/\/asoc-fulbright.es\/index.php?rest_route=\/wp\/v2\/pages\/154"}],"wp:attachment":[{"href":"https:\/\/asoc-fulbright.es\/index.php?rest_route=%2Fwp%2Fv2%2Fmedia&parent=715"}],"curies":[{"name":"wp","href":"https:\/\/api.w.org\/{rel}","templated":true}]}}