{"id":708,"date":"2009-06-12T11:42:19","date_gmt":"2009-06-12T10:42:19","guid":{"rendered":"http:\/\/beta.asoc-fulbright.es\/?page_id=708"},"modified":"2010-01-27T17:55:04","modified_gmt":"2010-01-27T16:55:04","slug":"tertulias-fulbright-ano-2007","status":"publish","type":"page","link":"https:\/\/asoc-fulbright.es\/?page_id=708","title":{"rendered":"Tertulias Fulbright A\u00f1o 2007"},"content":{"rendered":"<p>A continuaci\u00f3n se presenta la lista de Tertulias Fulbright realizadas en el a\u00f1o 2007:<\/p>\n<ul>\n<li><strong><a href=\"\/?page_id=186\">La investigaci\u00f3n y el desarrollo en Espa\u00f1a <\/a><\/strong><br \/><strong>Ponente:<\/strong>Jose Manuel Fernandez de Labastida.<br \/><strong>Fecha:<\/strong> Enero 2007<\/em><\/li>\n<\/ul>\n<ul>\n<li><strong><a href=\"\/?page_id=184\">La imagen cultural de Espa\u00f1a en el exterior \u00bfactivo economista o remora <\/a><\/strong><br \/><strong>Ponente:<\/strong>Santiago de Mora-Figueroa, Marqu\u00e9s de Tamar\u00f3n.<br \/> <strong>Fecha:<\/strong> Febrero 2007<\/li>\n<\/ul>\n<ul>\n<li><strong><a href=\"\/?page_id=182\">Universia: La red de cooperaci\u00f3n universitaria iberoamericana, fruto de la colaboraci\u00f3n universidad-empresa <\/a><\/strong><br \/><strong>Ponente:<\/strong> D. Jaume Pages Fita.<br \/><strong>Fecha: <\/strong> Marzo 2007<\/em><\/li>\n<\/ul>\n<ul>\n<li><strong><a href=\"\/?page_id=180\">La crisis de los expertos y la web 2.0 <\/a><\/strong><br \/><strong>Ponente:<\/strong> D. Antonio Lafuente. <br \/><strong>Fecha:<\/strong> Abril 2007<\/li>\n<\/ul>\n<ul>\n<li><strong><a href=\"\/?page_id=269\">La actual coyuntura del conflicto palestino-israel\u00ed<\/a><\/strong><br \/><strong>Ponente: <\/strong> D. Julio De La Guardia Rivera. <br \/><strong>Fecha:<\/strong> Mayo 2007<\/li>\n<\/ul>\n<ul>\n<li><strong><a href=\"\/?page_id=176\">La transici\u00f3n espa\u00f1ola a la democracia<\/a><\/strong><br \/><strong>Ponente: <\/strong>D. Jaime Sartorius Berm\u00fadez de Castro.<br \/> <strong>Fecha:<\/strong> Junio 2007<\/li>\n<\/ul>\n<ul>\n<li><strong><a href=\"\/?page_id=174\">De las Ngong Hills al Castillo de Duwisib: Isak Dinesen y Jayta Humphreys, dos mujeres pioneras en \u00c1frica<\/a><\/strong><br \/><strong>Ponente:<\/strong> D. Eduardo Garrigues L\u00f3pez-Chicherri. <br \/><strong>Fecha: <\/strong>Julio 2007<\/li>\n<\/ul>\n<ul>\n<li><strong><a href=\"\/?page_id=172\">Los efectos actuales de los atentados del 11-S<\/a><\/strong><br \/><strong>Ponentes: <\/strong> D. Haizam Amirah Fernandez y Paul Isbell.<br \/><strong>Fecha:<\/strong> Septiembre 2007<\/li>\n<\/ul>\n<ul>\n<li><strong><a href=\"\/?page_id=170\">El cambio clim\u00e1tico: Una verdad inc\u00f3moda<\/a><\/strong><br \/><strong>Ponentes:<\/strong> D. Juan Negrillo.<br \/> <strong>Fecha:<\/strong> Octubre 2007<\/li>\n<\/ul>\n<ul>\n<li>\n<strong><a href=\"\/?page_id=168\">Second Life y los Mundos Virtuales: Una aproximaci\u00f3n al I+D de la web del futuro<\/a><\/strong><br \/> <strong>Ponentes:<\/strong>D. Luis Sotillos.<br \/><strong>Fecha:<\/strong> Noviembre 2007\n<\/li>\n<\/ul>\n<ul>\n<li><strong><a href=\"\/?page_id=166\">Las tecnolog\u00edas al servicio de la salud en zonas rurales de Am\u00e9rica Latina<\/a><\/strong><br \/> <strong>Ponentes:<\/strong> D. Andr\u00e9s Mart\u00ednez Fern\u00e1ndez.<br \/><strong>Fecha:<\/strong> Diciembre 2007<\/li>\n<\/ul>\n","protected":false},"excerpt":{"rendered":"<p>A continuaci\u00f3n se presenta la lista de Tertulias Fulbright realizadas en el a\u00f1o 2007: La investigaci\u00f3n y el desarrollo en Espa\u00f1a Ponente:Jose Manuel Fernandez de Labastida.Fecha: Enero 2007 La imagen cultural de Espa\u00f1a en el exterior \u00bfactivo economista o remora Ponente:Santiago de Mora-Figueroa, Marqu\u00e9s de Tamar\u00f3n. Fecha: Febrero 2007 Universia: La red de cooperaci\u00f3n universitaria [&hellip;]<\/p>\n","protected":false},"author":1,"featured_media":0,"parent":154,"menu_order":0,"comment_status":"open","ping_status":"open","template":"","meta":{"ngg_post_thumbnail":0,"footnotes":""},"class_list":["post-708","page","type-page","status-publish","hentry"],"_links":{"self":[{"href":"https:\/\/asoc-fulbright.es\/index.php?rest_route=\/wp\/v2\/pages\/708","targetHints":{"allow":["GET"]}}],"collection":[{"href":"https:\/\/asoc-fulbright.es\/index.php?rest_route=\/wp\/v2\/pages"}],"about":[{"href":"https:\/\/asoc-fulbright.es\/index.php?rest_route=\/wp\/v2\/types\/page"}],"author":[{"embeddable":true,"href":"https:\/\/asoc-fulbright.es\/index.php?rest_route=\/wp\/v2\/users\/1"}],"replies":[{"embeddable":true,"href":"https:\/\/asoc-fulbright.es\/index.php?rest_route=%2Fwp%2Fv2%2Fcomments&post=708"}],"version-history":[{"count":11,"href":"https:\/\/asoc-fulbright.es\/index.php?rest_route=\/wp\/v2\/pages\/708\/revisions"}],"predecessor-version":[{"id":710,"href":"https:\/\/asoc-fulbright.es\/index.php?rest_route=\/wp\/v2\/pages\/708\/revisions\/710"}],"up":[{"embeddable":true,"href":"https:\/\/asoc-fulbright.es\/index.php?rest_route=\/wp\/v2\/pages\/154"}],"wp:attachment":[{"href":"https:\/\/asoc-fulbright.es\/index.php?rest_route=%2Fwp%2Fv2%2Fmedia&parent=708"}],"curies":[{"name":"wp","href":"https:\/\/api.w.org\/{rel}","templated":true}]}}