{"id":517,"date":"2009-03-11T16:29:06","date_gmt":"2009-03-11T15:29:06","guid":{"rendered":"http:\/\/beta.asoc-fulbright.es\/?page_id=517"},"modified":"2020-10-19T18:27:37","modified_gmt":"2020-10-19T17:27:37","slug":"fulcro-1-ano-1991","status":"publish","type":"page","link":"https:\/\/asoc-fulbright.es\/?page_id=517","title":{"rendered":"Fulcro 1 &#8211; A\u00f1o 1991"},"content":{"rendered":"<p><strong>Revista Fulcro N\u00famero 1, Verano de 1991<\/strong><\/p>\n<p><a href=\"\/wp-content\/uploads\/2009\/03\/fulcro-1.pdf\">Desc\u00e1rgate en formato PDF el N\u00famero 1 de la Revista Fulcro<\/a><strong><br \/>\n<\/strong><\/p>\n","protected":false},"excerpt":{"rendered":"<p>Revista Fulcro N\u00famero 1, Verano de 1991 Desc\u00e1rgate en formato PDF el N\u00famero 1 de la Revista Fulcro<\/p>\n","protected":false},"author":1,"featured_media":0,"parent":431,"menu_order":0,"comment_status":"open","ping_status":"open","template":"","meta":{"ngg_post_thumbnail":0,"footnotes":""},"class_list":["post-517","page","type-page","status-publish","hentry"],"_links":{"self":[{"href":"https:\/\/asoc-fulbright.es\/index.php?rest_route=\/wp\/v2\/pages\/517","targetHints":{"allow":["GET"]}}],"collection":[{"href":"https:\/\/asoc-fulbright.es\/index.php?rest_route=\/wp\/v2\/pages"}],"about":[{"href":"https:\/\/asoc-fulbright.es\/index.php?rest_route=\/wp\/v2\/types\/page"}],"author":[{"embeddable":true,"href":"https:\/\/asoc-fulbright.es\/index.php?rest_route=\/wp\/v2\/users\/1"}],"replies":[{"embeddable":true,"href":"https:\/\/asoc-fulbright.es\/index.php?rest_route=%2Fwp%2Fv2%2Fcomments&post=517"}],"version-history":[{"count":6,"href":"https:\/\/asoc-fulbright.es\/index.php?rest_route=\/wp\/v2\/pages\/517\/revisions"}],"predecessor-version":[{"id":4861,"href":"https:\/\/asoc-fulbright.es\/index.php?rest_route=\/wp\/v2\/pages\/517\/revisions\/4861"}],"up":[{"embeddable":true,"href":"https:\/\/asoc-fulbright.es\/index.php?rest_route=\/wp\/v2\/pages\/431"}],"wp:attachment":[{"href":"https:\/\/asoc-fulbright.es\/index.php?rest_route=%2Fwp%2Fv2%2Fmedia&parent=517"}],"curies":[{"name":"wp","href":"https:\/\/api.w.org\/{rel}","templated":true}]}}