{"id":455,"date":"2009-03-06T19:50:50","date_gmt":"2009-03-06T18:50:50","guid":{"rendered":"http:\/\/beta.asoc-fulbright.es\/?page_id=455"},"modified":"2020-10-19T18:24:51","modified_gmt":"2020-10-19T17:24:51","slug":"fulcro-12-ano-1996","status":"publish","type":"page","link":"https:\/\/asoc-fulbright.es\/?page_id=455","title":{"rendered":"Fulcro 12 &#8211; A\u00f1o 1996"},"content":{"rendered":"<p><strong>N\u00famero 12 de la Revista Fulcro, editada en el a\u00f1o 1996.<\/strong><\/p>\n<p><a href=\"\/wp-content\/uploads\/2009\/03\/fulcro-12.pdf\">Desc\u00e1rgate en formato PDF el N\u00famero 12 de la Revista Fulcro. <\/a><strong><br \/>\n<\/strong><\/p>\n","protected":false},"excerpt":{"rendered":"<p>N\u00famero 12 de la Revista Fulcro, editada en el a\u00f1o 1996. Desc\u00e1rgate en formato PDF el N\u00famero 12 de la Revista Fulcro.<\/p>\n","protected":false},"author":1,"featured_media":0,"parent":431,"menu_order":0,"comment_status":"open","ping_status":"open","template":"","meta":{"ngg_post_thumbnail":0,"footnotes":""},"class_list":["post-455","page","type-page","status-publish","hentry"],"_links":{"self":[{"href":"https:\/\/asoc-fulbright.es\/index.php?rest_route=\/wp\/v2\/pages\/455","targetHints":{"allow":["GET"]}}],"collection":[{"href":"https:\/\/asoc-fulbright.es\/index.php?rest_route=\/wp\/v2\/pages"}],"about":[{"href":"https:\/\/asoc-fulbright.es\/index.php?rest_route=\/wp\/v2\/types\/page"}],"author":[{"embeddable":true,"href":"https:\/\/asoc-fulbright.es\/index.php?rest_route=\/wp\/v2\/users\/1"}],"replies":[{"embeddable":true,"href":"https:\/\/asoc-fulbright.es\/index.php?rest_route=%2Fwp%2Fv2%2Fcomments&post=455"}],"version-history":[{"count":8,"href":"https:\/\/asoc-fulbright.es\/index.php?rest_route=\/wp\/v2\/pages\/455\/revisions"}],"predecessor-version":[{"id":4855,"href":"https:\/\/asoc-fulbright.es\/index.php?rest_route=\/wp\/v2\/pages\/455\/revisions\/4855"}],"up":[{"embeddable":true,"href":"https:\/\/asoc-fulbright.es\/index.php?rest_route=\/wp\/v2\/pages\/431"}],"wp:attachment":[{"href":"https:\/\/asoc-fulbright.es\/index.php?rest_route=%2Fwp%2Fv2%2Fmedia&parent=455"}],"curies":[{"name":"wp","href":"https:\/\/api.w.org\/{rel}","templated":true}]}}