{"id":442,"date":"2009-03-06T19:43:20","date_gmt":"2009-03-06T18:43:20","guid":{"rendered":"http:\/\/beta.asoc-fulbright.es\/fulcro-17-ano-2001\/"},"modified":"2020-10-19T18:24:08","modified_gmt":"2020-10-19T17:24:08","slug":"fulcro-17-ano-2001","status":"publish","type":"page","link":"https:\/\/asoc-fulbright.es\/?page_id=442","title":{"rendered":"Fulcro 17 &#8211; A\u00f1o 2001"},"content":{"rendered":"<p><strong>N\u00famero 17 de la Revista Fulcro, editada en el a\u00f1o 2001.<\/strong><\/p>\n<p>Art\u00edculos principales:<\/p>\n<ul>\n<li><strong>Toledo 2000: Third European Alumni Workshop<\/strong><\/li>\n<li><strong>Fulbright Prize: Former President of Finland&nbsp; Martti Ahtisaari<\/strong><\/li>\n<li><strong>Cena de Navidad 2000<\/strong><\/li>\n<\/ul>\n<p>&nbsp;<\/p>\n<p><a href=\"wp-content\/uploads\/2009\/03\/fulcro-17.pdf\">Desc\u00e1rgate en formato PDF el N\u00famero 17 de la Revista Fulcro.<\/a><strong><br \/>\n<\/strong><\/p>\n","protected":false},"excerpt":{"rendered":"<p>N\u00famero 17 de la Revista Fulcro, editada en el a\u00f1o 2001. Art\u00edculos principales: Toledo 2000: Third European Alumni Workshop Fulbright Prize: Former President of Finland&nbsp; Martti Ahtisaari Cena de Navidad 2000 &nbsp; Desc\u00e1rgate en formato PDF el N\u00famero 17 de la Revista Fulcro.<\/p>\n","protected":false},"author":1,"featured_media":0,"parent":431,"menu_order":0,"comment_status":"open","ping_status":"open","template":"","meta":{"ngg_post_thumbnail":0,"footnotes":""},"class_list":["post-442","page","type-page","status-publish","hentry"],"_links":{"self":[{"href":"https:\/\/asoc-fulbright.es\/index.php?rest_route=\/wp\/v2\/pages\/442","targetHints":{"allow":["GET"]}}],"collection":[{"href":"https:\/\/asoc-fulbright.es\/index.php?rest_route=\/wp\/v2\/pages"}],"about":[{"href":"https:\/\/asoc-fulbright.es\/index.php?rest_route=\/wp\/v2\/types\/page"}],"author":[{"embeddable":true,"href":"https:\/\/asoc-fulbright.es\/index.php?rest_route=\/wp\/v2\/users\/1"}],"replies":[{"embeddable":true,"href":"https:\/\/asoc-fulbright.es\/index.php?rest_route=%2Fwp%2Fv2%2Fcomments&post=442"}],"version-history":[{"count":11,"href":"https:\/\/asoc-fulbright.es\/index.php?rest_route=\/wp\/v2\/pages\/442\/revisions"}],"predecessor-version":[{"id":4852,"href":"https:\/\/asoc-fulbright.es\/index.php?rest_route=\/wp\/v2\/pages\/442\/revisions\/4852"}],"up":[{"embeddable":true,"href":"https:\/\/asoc-fulbright.es\/index.php?rest_route=\/wp\/v2\/pages\/431"}],"wp:attachment":[{"href":"https:\/\/asoc-fulbright.es\/index.php?rest_route=%2Fwp%2Fv2%2Fmedia&parent=442"}],"curies":[{"name":"wp","href":"https:\/\/api.w.org\/{rel}","templated":true}]}}