{"id":3851,"date":"2016-05-31T20:08:23","date_gmt":"2016-05-31T19:08:23","guid":{"rendered":"http:\/\/asoc-fulbright.es\/?page_id=3851"},"modified":"2022-03-07T09:16:32","modified_gmt":"2022-03-07T08:16:32","slug":"patrocinadores-de-la-beca-en-2015","status":"publish","type":"page","link":"https:\/\/asoc-fulbright.es\/?page_id=3851","title":{"rendered":"Patrocinadores de la Beca en 2015"},"content":{"rendered":"<h3>Patrocinadores Institucionales<\/h3>\n<table style=\"height: 32px;\" width=\"270\">\n<tbody>\n<tr>\n<td width=\"189\">Angel y Elizabeth<\/td>\n<td width=\"189\">Cabrera<\/td>\n<\/tr>\n<\/tbody>\n<\/table>\n<h3>Patrocinadores Oro<\/h3>\n<table style=\"height: 100px;\" width=\"288\">\n<tbody>\n<tr>\n<td width=\"189\">David<\/td>\n<td width=\"189\">Alandete<\/td>\n<\/tr>\n<tr>\n<td>Miguel<\/td>\n<td>Arpa<\/td>\n<\/tr>\n<tr>\n<td>Juan<\/td>\n<td>D\u00edaz-Andreu<\/td>\n<\/tr>\n<tr>\n<td>Antonio<\/td>\n<td>Fern\u00e1ndez Anta<\/td>\n<\/tr>\n<tr>\n<td>Tom\u00e1s<\/td>\n<td>Garc\u00eda<\/td>\n<\/tr>\n<tr>\n<td>Angel<\/td>\n<td>Gavieiro<\/td>\n<\/tr>\n<tr>\n<td>Juan Eloy<\/td>\n<td>Gelabert<\/td>\n<\/tr>\n<tr>\n<td>F\u00e9lix<\/td>\n<td>Guardia<\/td>\n<\/tr>\n<tr>\n<td><\/td>\n<td>Fundaci\u00f3n INNAXIS<\/td>\n<\/tr>\n<tr>\n<td>Bel\u00e9n<\/td>\n<td>Llera<\/td>\n<\/tr>\n<tr>\n<td>Alberto<\/td>\n<td>L\u00f3pez San Miguel<\/td>\n<\/tr>\n<tr>\n<td>Luis<\/td>\n<td>Rodr\u00edguez Ovejero<\/td>\n<\/tr>\n<tr>\n<td>Gerardo<\/td>\n<td>S\u00e1nchez<\/td>\n<\/tr>\n<tr>\n<td>Gonzalo<\/td>\n<td>Sanz P\u00e9rez<\/td>\n<\/tr>\n<tr>\n<td>Ignacio<\/td>\n<td>Umbert<\/td>\n<\/tr>\n<tr>\n<td>Nicol\u00e1s<\/td>\n<td>Vill\u00e9n<\/td>\n<\/tr>\n<\/tbody>\n<\/table>\n<h3>Patrocinadores Plata<\/h3>\n<table style=\"height: 140px;\" width=\"282\">\n<tbody>\n<tr>\n<td width=\"189\">Angel<\/td>\n<td width=\"189\">\u00c1lvarez<\/td>\n<\/tr>\n<tr>\n<td>Miguel<\/td>\n<td>Beltr\u00e1n<\/td>\n<\/tr>\n<tr>\n<td>Pedro<\/td>\n<td>Cordero<\/td>\n<\/tr>\n<tr>\n<td>Juan Eugenio<\/td>\n<td>Iglesias<\/td>\n<\/tr>\n<tr>\n<td>Pilar<\/td>\n<td>Manzano<\/td>\n<\/tr>\n<tr>\n<td>Jos\u00e9 Manuel<\/td>\n<td>Pardo<\/td>\n<\/tr>\n<tr>\n<td>Jos\u00e9 Mar\u00eda<\/td>\n<td>Moreno<\/td>\n<\/tr>\n<tr>\n<td>Eduardo<\/td>\n<td>P\u00e9rez<\/td>\n<\/tr>\n<tr>\n<td>Pedro<\/td>\n<td>Prieto<\/td>\n<\/tr>\n<tr>\n<td>&#8211;<\/td>\n<td>&#8211;<\/td>\n<\/tr>\n<tr>\n<td>Rafael<\/td>\n<td>Rodr\u00edguez<\/td>\n<\/tr>\n<tr>\n<td>Mario<\/td>\n<td>Tafalla<\/td>\n<\/tr>\n<tr>\n<td>Sonsoles<\/td>\n<td>Valdivia<\/td>\n<\/tr>\n<tr>\n<td>Ignacio<\/td>\n<td>del Valle<\/td>\n<\/tr>\n<tr>\n<td>Lara<\/td>\n<td>Vivas<\/td>\n<\/tr>\n<\/tbody>\n<\/table>\n<h3>Patrocinadores Bronce<\/h3>\n<table style=\"height: 61px;\" width=\"287\">\n<tbody>\n<tr>\n<td width=\"189\">Miguel A.<\/td>\n<td width=\"189\">Hern\u00e1n<\/td>\n<\/tr>\n<tr>\n<td>Ram\u00f3n<\/td>\n<td>de Salas<\/td>\n<\/tr>\n<\/tbody>\n<\/table>\n","protected":false},"excerpt":{"rendered":"<p>Patrocinadores Institucionales Angel y Elizabeth Cabrera Patrocinadores Oro David Alandete Miguel Arpa Juan D\u00edaz-Andreu Antonio Fern\u00e1ndez Anta Tom\u00e1s Garc\u00eda Angel Gavieiro Juan Eloy Gelabert F\u00e9lix Guardia Fundaci\u00f3n INNAXIS Bel\u00e9n Llera Alberto L\u00f3pez San Miguel Luis Rodr\u00edguez Ovejero Gerardo S\u00e1nchez Gonzalo Sanz P\u00e9rez Ignacio Umbert Nicol\u00e1s Vill\u00e9n Patrocinadores Plata Angel \u00c1lvarez Miguel Beltr\u00e1n Pedro Cordero Juan [&hellip;]<\/p>\n","protected":false},"author":9,"featured_media":0,"parent":316,"menu_order":0,"comment_status":"open","ping_status":"open","template":"","meta":{"ngg_post_thumbnail":0,"footnotes":""},"class_list":["post-3851","page","type-page","status-publish","hentry"],"_links":{"self":[{"href":"https:\/\/asoc-fulbright.es\/index.php?rest_route=\/wp\/v2\/pages\/3851","targetHints":{"allow":["GET"]}}],"collection":[{"href":"https:\/\/asoc-fulbright.es\/index.php?rest_route=\/wp\/v2\/pages"}],"about":[{"href":"https:\/\/asoc-fulbright.es\/index.php?rest_route=\/wp\/v2\/types\/page"}],"author":[{"embeddable":true,"href":"https:\/\/asoc-fulbright.es\/index.php?rest_route=\/wp\/v2\/users\/9"}],"replies":[{"embeddable":true,"href":"https:\/\/asoc-fulbright.es\/index.php?rest_route=%2Fwp%2Fv2%2Fcomments&post=3851"}],"version-history":[{"count":24,"href":"https:\/\/asoc-fulbright.es\/index.php?rest_route=\/wp\/v2\/pages\/3851\/revisions"}],"predecessor-version":[{"id":5076,"href":"https:\/\/asoc-fulbright.es\/index.php?rest_route=\/wp\/v2\/pages\/3851\/revisions\/5076"}],"up":[{"embeddable":true,"href":"https:\/\/asoc-fulbright.es\/index.php?rest_route=\/wp\/v2\/pages\/316"}],"wp:attachment":[{"href":"https:\/\/asoc-fulbright.es\/index.php?rest_route=%2Fwp%2Fv2%2Fmedia&parent=3851"}],"curies":[{"name":"wp","href":"https:\/\/api.w.org\/{rel}","templated":true}]}}