{"id":311,"date":"2009-02-09T10:20:26","date_gmt":"2009-02-09T09:20:26","guid":{"rendered":"http:\/\/beta.asoc-fulbright.es\/?page_id=311"},"modified":"2010-02-01T11:51:47","modified_gmt":"2010-02-01T10:51:47","slug":"tertulia-fulbright-la-globalizacion-de-la-economia","status":"publish","type":"page","link":"https:\/\/asoc-fulbright.es\/?page_id=311","title":{"rendered":"Tertulia Fulbright: La globalizaci\u00f3n de la Econom\u00eda"},"content":{"rendered":"<p>D. Joaqu\u00edn Estefan\u00eda,<br \/>\nDirector de opini\u00f3n del diario El Pa\u00eds<br \/>\n4 de Febrero de 1997<br \/>\nResumen por Antonio Escobar<\/p>\n<p>La globalizaci\u00f3n de la economia<\/p>\n<p>Comenz\u00f3 su intervenci\u00f3n con un an\u00e1lisis de los problemas planteados por la globalizaci\u00f3n. Hizo una especial referencia a la profuda crisis en la que entr\u00f3 Mejico en el mes de diciembre del 94, que fue calificada por un alto ejecutivo del Fondo Monetario Internacional como la primera de un mundo nuevo con mercados globalizados, y tambi\u00e9n como la primera crisis del siglo XXI, debida al denominado \u00abefecto tequila\u00bb, llamado as\u00ed por la posible repercusi\u00f3n de las dificultades mexicanas en cualquier otro lugar del mundo.<\/p>\n<p>El efecto tequila se extendi\u00f3 a pa\u00edses dis\u00edmiles de la realidad mexicana, como por ejemplo Espa\u00f1a y Suecia, a su vez tan diferentes entre s\u00ed, debido a una ola de especulaciones monetarias que recorri\u00f3 el mundo entero.Puso el ejemplo del h\u00fangaro George Sorosque que expuls\u00f3 a la libra esterlina del sistema europeo a principios de los 90 vendiendo en un solo d\u00eda 10.000 millones de d\u00f3lares.<\/p>\n<p>Su conclusi\u00f3n es que la econom\u00eda financiera ha sustituido a la real, y que los mercados financieros se han convertido en el principal lobby contempor\u00e1neo. Como ejemplo significativo se\u00f1ala que mas de un bill\u00f3n de d\u00f3lares, son cambiados cada d\u00eda en los mercados de divisas mundiales, mientras que las reservas de los 10 pa\u00edses mas solventes del mundo no alcanzan los 500.000 millones de d\u00f3lares, por lo que la intervenci\u00f3n de los bancos centrales tiende a ser inoperante.<\/p>\n<p>Parece ser que la \u00fanica propuesta bien intencionada para resolver estos problemas, ser\u00eda revitalizar organismos supranacionales para que ejerzan de \u00e1rbitros y para que eviten que la dictadura de los mercados provoque la inestabilidad descontrolada de las econom\u00edas nacionales.<br \/>\nEl desembarco digital<\/p>\n<p>Inevitablemente, las preguntas de algunos contertulios giraron en torno al problema de la Plataforma Digital, al grupo Prisa y al peri\u00f3dico El Pa\u00eds, adem\u00e1s de alguna otra relacionada con los internautas y el Sr. Cebri\u00e1n.<br \/>\nLa plataforma digital<\/p>\n<p>El Sr. Estefan\u00eda puso un especial inter\u00e9s en denunciar la arbitrariedad del gobierno al legislar para da\u00f1ar a una empresa concreta y beneficiar al grupo mexicano Televisa, Telef\u00f3nica y otros. Dijo que la derecha espa\u00f1ola debe creer que lo de digital viene de dedo.<br \/>\nCanal Sat\u00e9lite Digital y el grupo Prisa<\/p>\n<p>Sogecable S.A. es la sociedad responsable de la gesti\u00f3n de Canal Plus y Canal Sat\u00e9lite. Sogecable es una sociedad participada y gestionada por el grupo Prisa. El capital de Sogecable es de 10.000 millones de pesetas distribuidos entre los siguientes accionistas: Prisa 25%, Canal+ Francia 25%, BBV 15%, Grupo March 15,79%, EVENTOS 7,89%, Bankinter 5,26%, y Caja Madrid 5,26%. La distribuci\u00f3n del capital de Canal Sat\u00e9lite Digital es la siguiente: Sogecable S.A. 85%, Antena 3 Televisi\u00f3n 15%.<br \/>\nEl Pa\u00eds<\/p>\n<p>Neg\u00f3 que el Sr. Polanco pudiese influir en la l\u00ednea ideol\u00f3gica del peri\u00f3dico. Dijo que \u00e9l se consideraba simplemente un periodista, pero que nunca ser\u00eda capaz de ser un mercenario del periodismo.<\/p>\n","protected":false},"excerpt":{"rendered":"<p>D. Joaqu\u00edn Estefan\u00eda, Director de opini\u00f3n del diario El Pa\u00eds 4 de Febrero de 1997 Resumen por Antonio Escobar La globalizaci\u00f3n de la economia Comenz\u00f3 su intervenci\u00f3n con un an\u00e1lisis de los problemas planteados por la globalizaci\u00f3n. Hizo una especial referencia a la profuda crisis en la que entr\u00f3 Mejico en el mes de diciembre [&hellip;]<\/p>\n","protected":false},"author":1,"featured_media":0,"parent":715,"menu_order":0,"comment_status":"open","ping_status":"open","template":"","meta":{"ngg_post_thumbnail":0,"footnotes":""},"class_list":["post-311","page","type-page","status-publish","hentry"],"_links":{"self":[{"href":"https:\/\/asoc-fulbright.es\/index.php?rest_route=\/wp\/v2\/pages\/311","targetHints":{"allow":["GET"]}}],"collection":[{"href":"https:\/\/asoc-fulbright.es\/index.php?rest_route=\/wp\/v2\/pages"}],"about":[{"href":"https:\/\/asoc-fulbright.es\/index.php?rest_route=\/wp\/v2\/types\/page"}],"author":[{"embeddable":true,"href":"https:\/\/asoc-fulbright.es\/index.php?rest_route=\/wp\/v2\/users\/1"}],"replies":[{"embeddable":true,"href":"https:\/\/asoc-fulbright.es\/index.php?rest_route=%2Fwp%2Fv2%2Fcomments&post=311"}],"version-history":[{"count":2,"href":"https:\/\/asoc-fulbright.es\/index.php?rest_route=\/wp\/v2\/pages\/311\/revisions"}],"predecessor-version":[{"id":1580,"href":"https:\/\/asoc-fulbright.es\/index.php?rest_route=\/wp\/v2\/pages\/311\/revisions\/1580"}],"up":[{"embeddable":true,"href":"https:\/\/asoc-fulbright.es\/index.php?rest_route=\/wp\/v2\/pages\/715"}],"wp:attachment":[{"href":"https:\/\/asoc-fulbright.es\/index.php?rest_route=%2Fwp%2Fv2%2Fmedia&parent=311"}],"curies":[{"name":"wp","href":"https:\/\/api.w.org\/{rel}","templated":true}]}}