{"id":300,"date":"2009-02-09T10:16:52","date_gmt":"2009-02-09T09:16:52","guid":{"rendered":"http:\/\/beta.asoc-fulbright.es\/?page_id=300"},"modified":"2010-02-01T11:49:01","modified_gmt":"2010-02-01T10:49:01","slug":"tertulia-fulbright-simulacion-de-catastrofes","status":"publish","type":"page","link":"https:\/\/asoc-fulbright.es\/?page_id=300","title":{"rendered":"Tertulia Fulbright: Simulaci\u00f3n de cat\u00e1strofes"},"content":{"rendered":"<p>D. Joaqu\u00edn Mart\u00ed,<br \/>\nCatedr\u00e1tico de mec\u00e1nica de medios continuos<br \/>\ny teor\u00eda de estructuras en la UPM<br \/>\nmartes 12 de diciembre de 2000<br \/>\nResumen por Pablo Lanza<\/p>\n<p>En el mes de diciembre del 2000 tuvimos de contertulio a Joaqu\u00edn Mart\u00ed. Joaqu\u00edn es Ingeniero de Caminos (Universidad Polit\u00e9cnica de Madrid, 1972). Se doctor\u00f3 en Texas A &#038; M University (1975), con una beca Fulbright. En 1980 cre\u00f3 en Londres la empresa Principia Mechanica Ltd. Posteriormente (1985) traslad\u00f3 su empresa a Espa\u00f1a, ya con el nombre de Principia S.A. (http:\/\/www.principia.es) con el objetivo de responder a una creciente demanda de la industria nacional y extranjera en el campo de la mec\u00e1nica aplicada. El nombre de Principia fue elegido en recuerdo de los Principia Mathematica Philosophiae Naturalis de Sir Isaac Newton.<\/p>\n<p>La especialidad tradicional de Principia es el an\u00e1lisis de problemas mec\u00e1nicos y estructurales, particularmente los din\u00e1micos y no lineales, en soporte de las actividades de terceros. Ejemplos t\u00edpicos son los impactos, terremotos, explosiones, vibraciones, grandes deformaciones, etc., as\u00ed como muchos otros c\u00e1lculos que simplemente requieren un alto nivel de precisi\u00f3n y fiabilidad. Con frecuencia creciente, la ingenier\u00eda ambiental constituye la motivaci\u00f3n de muchos de estos proyectos. Tambi\u00e9n destaca la creciente demanda de servicios de ingenier\u00eda forense, en los que se llevan a cabo una investigaciones post-fallo de las causas que condujeron a un siniestro.<\/p>\n<p>Joaqu\u00edn est\u00e1 especializado en la resoluci\u00f3n de problemas de din\u00e1mica no lineal y particularmente en los aspectos num\u00e9ricos de su tratamiento. Ha trabajado principalmente en problemas de impacto, efectos s\u00edsmicos, grandes deformaciones din\u00e1micas, explosiones, estabilidad de obras subterr\u00e1neas, conformaci\u00f3n de metales y otros problemas de la din\u00e1mica no lineal. Su contribuci\u00f3n se extiende sobre muy diversas \u00e1reas de la actividad industrial: nuclear, aerospacial, civil, defensa, miner\u00eda, hidrocarburos, manufacturas, etc.; en general ha trabajado para todos los sectores industriales que comparten un inter\u00e9s por la especialidad que practica. Aunque la mayor parte de su trabajo se realiza en apoyo del proyectista, tambi\u00e9n tiene una experiencia considerable en otras facetas afines, como son las auditor\u00edas t\u00e9cnicas y los peritajes en el marco de acciones legales.<\/p>\n<p>Es autor de un centenar de publicaciones t\u00e9cnicas, internacionales en su mayor\u00eda, que han aparecido en libros, revistas y actas de congresos. Ha participado en la organizaci\u00f3n de una treintena de congresos, cursos, coloquios, etc. Es miembro de 14 asociaciones t\u00e9cnicas y profesionales y forma parte del comit\u00e9 editor de dos revistas internacionales.<\/p>\n<p>Aparte de su actividad empresarial y profesional, Joaqu\u00edn dedica un tiempo importante a la academia. Es Catedr\u00e1tico de Mec\u00e1nica de la Escuela T\u00e9cnica Superior de Ingenieros de Minas de Madrid. Y adem\u00e1s de todo esto, es un agradabil\u00edsimo contertulio, un m\u00e1s que potable pianista, y un digno heredero de la tradici\u00f3n de ingenieros-humanistas que han destacado en Espa\u00f1a en los siglos XIX y XX.<\/p>\n<p>Joaqu\u00edn, en su presentaci\u00f3n, nos prepar\u00f3 los jugos g\u00e1stricos con un aperitivo de dos temas \u00abmenores\u00bb de ingenier\u00eda forense: La rotura de una torre de alta tensi\u00f3n, y el tristemente c\u00e9lebre accidente del volquete que derrib\u00f3 un \u00abmarco\u00bb en la A-6.<\/p>\n<p>Pero el plato del d\u00eda que nos ten\u00eda preparados fue toda una demostraci\u00f3n de saber estar entre fogones: la rotura de la presa de las minas de Aznalcollar. A lo largo de hora y media, y bajo su docta batuta, fuimos pasando por las distintas fases del proceso de investigaci\u00f3n de esta c\u00e9lebre cat\u00e1strofe, comprendiendo c\u00f3mo y por qu\u00e9 ocurrieron los hechos. El plato fue acompa\u00f1ado con una guarnici\u00f3n de modelos de simulaci\u00f3n din\u00e1mica presentados en su ordenador, y sazonado con las explicaciones precisas, en f\u00edsica y matem\u00e1ticas elementales, para que hasta los m\u00e1s catetos pudi\u00e9ramos apreciar su arte y su ciencia.<\/p>\n<p>De postre y remate nos dimos un peque\u00f1o homenaje, y mucha mucha m\u00e1s tertulia, en nuestro cenador habitual. PILVM<\/p>\n","protected":false},"excerpt":{"rendered":"<p>D. Joaqu\u00edn Mart\u00ed, Catedr\u00e1tico de mec\u00e1nica de medios continuos y teor\u00eda de estructuras en la UPM martes 12 de diciembre de 2000 Resumen por Pablo Lanza En el mes de diciembre del 2000 tuvimos de contertulio a Joaqu\u00edn Mart\u00ed. Joaqu\u00edn es Ingeniero de Caminos (Universidad Polit\u00e9cnica de Madrid, 1972). Se doctor\u00f3 en Texas A &#038; [&hellip;]<\/p>\n","protected":false},"author":1,"featured_media":0,"parent":154,"menu_order":0,"comment_status":"open","ping_status":"open","template":"","meta":{"ngg_post_thumbnail":0,"footnotes":""},"class_list":["post-300","page","type-page","status-publish","hentry"],"_links":{"self":[{"href":"https:\/\/asoc-fulbright.es\/index.php?rest_route=\/wp\/v2\/pages\/300","targetHints":{"allow":["GET"]}}],"collection":[{"href":"https:\/\/asoc-fulbright.es\/index.php?rest_route=\/wp\/v2\/pages"}],"about":[{"href":"https:\/\/asoc-fulbright.es\/index.php?rest_route=\/wp\/v2\/types\/page"}],"author":[{"embeddable":true,"href":"https:\/\/asoc-fulbright.es\/index.php?rest_route=\/wp\/v2\/users\/1"}],"replies":[{"embeddable":true,"href":"https:\/\/asoc-fulbright.es\/index.php?rest_route=%2Fwp%2Fv2%2Fcomments&post=300"}],"version-history":[{"count":2,"href":"https:\/\/asoc-fulbright.es\/index.php?rest_route=\/wp\/v2\/pages\/300\/revisions"}],"predecessor-version":[{"id":1575,"href":"https:\/\/asoc-fulbright.es\/index.php?rest_route=\/wp\/v2\/pages\/300\/revisions\/1575"}],"up":[{"embeddable":true,"href":"https:\/\/asoc-fulbright.es\/index.php?rest_route=\/wp\/v2\/pages\/154"}],"wp:attachment":[{"href":"https:\/\/asoc-fulbright.es\/index.php?rest_route=%2Fwp%2Fv2%2Fmedia&parent=300"}],"curies":[{"name":"wp","href":"https:\/\/api.w.org\/{rel}","templated":true}]}}