{"id":30,"date":"2009-01-13T16:55:04","date_gmt":"2009-01-13T15:55:04","guid":{"rendered":"http:\/\/beta.asoc-fulbright.es\/?page_id=30"},"modified":"2025-12-15T11:46:58","modified_gmt":"2025-12-15T10:46:58","slug":"junta-directiva","status":"publish","type":"page","link":"https:\/\/asoc-fulbright.es\/?page_id=30","title":{"rendered":"Junta Directiva"},"content":{"rendered":"<div class=\"documentDescription\"><a href=\"http:\/\/asoc-fulbright.es\/wp-content\/uploads\/2009\/01\/IMG_3011.jpeg\"><img loading=\"lazy\" decoding=\"async\" class=\"alignnone size-medium wp-image-4122\" src=\"http:\/\/asoc-fulbright.es\/wp-content\/uploads\/2009\/01\/IMG_3011-300x157.jpeg\" alt=\"\" width=\"300\" height=\"157\" srcset=\"https:\/\/asoc-fulbright.es\/wp-content\/uploads\/2009\/01\/IMG_3011-300x157.jpeg 300w, https:\/\/asoc-fulbright.es\/wp-content\/uploads\/2009\/01\/IMG_3011-768x401.jpeg 768w, https:\/\/asoc-fulbright.es\/wp-content\/uploads\/2009\/01\/IMG_3011-1024x535.jpeg 1024w\" sizes=\"auto, (max-width: 300px) 100vw, 300px\" \/><\/a><\/div>\n<div class=\"documentDescription\">&nbsp;<\/div>\n<div>\n<p><strong>En la asamblea general de 2025 se renov\u00f3 la junta directiva <\/strong><br \/>\n<strong>con la siguiente configuraci\u00f3n:<\/strong><\/p>\n<div>Estrella Rausell Tamayo, Presidenta<br \/>\nMiriam L\u00f3pez Rodr\u00edguez, Rep. Cap\u00edtulo Andaluz<br \/>\nEsther Gimeno Mir\u00f3, Rep. Cap\u00edtulo Catal\u00e1n<br \/>\nAntonio Gir\u00f3n Ares, Tesorero<br \/>\nRamiro Mantec\u00f3n Pad\u00edn, Secretario<\/div>\n<div>Gil Carbajal, Vocal&nbsp;<\/div>\n<div>Javier Fontecha Alonso, Vocal&nbsp;<br \/>\nMariano G\u00f3mez Aranda, Vocal&nbsp;<\/div>\n<div>Higinio Guillam\u00f3n Duch, Vocal<\/div>\n<div>Demian Martos Ria\u00f1o, Vocal<br \/>\nLuis Juan Moreno Blasco, Vocal<\/div>\n<div>Jos\u00e9 Manuel Pardo, Vocal<\/div>\n<div>Diana Perez Arechaederra, Vocal<br \/>\nGabriela Ruiz Begu\u00e9, Vocal<\/div>\n<div>Eva Maria Sotomayor Morales, Vocal<\/div>\n<p>&nbsp;<\/p>\n<\/div>\n<hr \/>\n<p><strong>Socios de m\u00e9rito<\/strong><\/p>\n<div class=\"documentDescription\">\n<div class=\"documentDescription\">\n<ul>\n<li>Lorenzo Rodr\u00edguez Dur\u00e1ntez (desde el a\u00f1o 2000)<\/li>\n<li>Mariano Gomez Aranda (desde el a\u00f1o 2007)<\/li>\n<li>Antonio Escobar Moreno (desde el a\u00f1o 2010)<\/li>\n<li>Angel Alvarez Rodriguez (desde 2013)<\/li>\n<li>Juan Diaz-Andreu (desde el a\u00f1o 2017)<\/li>\n<\/ul>\n<\/div>\n<\/div>\n<div class=\"documentDescription\">Si necesitas contactar con alg\u00fan miembro puedes hacerlo mediante la direcci\u00f3n de correo electr\u00f3nico asocfulbright@gmail.com<\/div>\n<div>&nbsp;<\/div>\n<div>Para conocer los miembros de las Juntas directivas anteriores, ver&nbsp;&nbsp;<a href=\"https:\/\/asoc-fulbright.es\/wp-content\/uploads\/2025\/12\/Juntas-Directivas-antiguas.pdf\" target=\"_blank\" rel=\"noopener\">aqu\u00ed <\/a><\/div>\n<div class=\"documentDescription\">\n<dl>\n<dt>\n<div>\n<hr \/>\n<\/div>\n<div>&nbsp;<\/div>\n<\/dt>\n<\/dl>\n<div class=\"documentDescription\">\n<div>&nbsp;<\/div>\n<div>&nbsp;<\/div>\n<div>&nbsp;<\/div>\n<div class=\"documentDescription\">&nbsp;<\/div>\n<\/div>\n<\/div>\n<div class=\"documentDescription\">&nbsp;<\/div>\n<div class=\"documentDescription\">\n<dl>\n<dt><\/dt>\n<\/dl>\n<div class=\"documentDescription\">&nbsp;<\/div>\n<\/div>\n<div class=\"documentDescription\">&nbsp;<\/div>\n<div class=\"documentDescription\">&nbsp;<\/div>\n<div class=\"documentDescription\">\n<dl>\n<dt>\n<div class=\"documentDescription\">&nbsp;<\/div>\n<div class=\"documentDescription\">&nbsp;<\/div>\n<div class=\"documentDescription\">&nbsp;<\/div>\n<div class=\"documentDescription\">&nbsp;<\/div>\n<div class=\"documentDescription\">&nbsp;<\/div>\n<div class=\"documentDescription\">&nbsp;<\/div>\n<\/dt>\n<\/dl>\n<\/div>\n<p>&nbsp;<\/p>\n","protected":false},"excerpt":{"rendered":"<p>&nbsp; En la asamblea general de 2025 se renov\u00f3 la junta directiva con la siguiente configuraci\u00f3n: Estrella Rausell Tamayo, Presidenta Miriam L\u00f3pez Rodr\u00edguez, Rep. Cap\u00edtulo Andaluz Esther Gimeno Mir\u00f3, Rep. Cap\u00edtulo Catal\u00e1n Antonio Gir\u00f3n Ares, Tesorero Ramiro Mantec\u00f3n Pad\u00edn, Secretario Gil Carbajal, Vocal&nbsp; Javier Fontecha Alonso, Vocal&nbsp; Mariano G\u00f3mez Aranda, Vocal&nbsp; Higinio Guillam\u00f3n Duch, Vocal [&hellip;]<\/p>\n","protected":false},"author":1,"featured_media":0,"parent":611,"menu_order":0,"comment_status":"open","ping_status":"open","template":"","meta":{"ngg_post_thumbnail":0,"footnotes":""},"class_list":["post-30","page","type-page","status-publish","hentry"],"_links":{"self":[{"href":"https:\/\/asoc-fulbright.es\/index.php?rest_route=\/wp\/v2\/pages\/30","targetHints":{"allow":["GET"]}}],"collection":[{"href":"https:\/\/asoc-fulbright.es\/index.php?rest_route=\/wp\/v2\/pages"}],"about":[{"href":"https:\/\/asoc-fulbright.es\/index.php?rest_route=\/wp\/v2\/types\/page"}],"author":[{"embeddable":true,"href":"https:\/\/asoc-fulbright.es\/index.php?rest_route=\/wp\/v2\/users\/1"}],"replies":[{"embeddable":true,"href":"https:\/\/asoc-fulbright.es\/index.php?rest_route=%2Fwp%2Fv2%2Fcomments&post=30"}],"version-history":[{"count":60,"href":"https:\/\/asoc-fulbright.es\/index.php?rest_route=\/wp\/v2\/pages\/30\/revisions"}],"predecessor-version":[{"id":5854,"href":"https:\/\/asoc-fulbright.es\/index.php?rest_route=\/wp\/v2\/pages\/30\/revisions\/5854"}],"up":[{"embeddable":true,"href":"https:\/\/asoc-fulbright.es\/index.php?rest_route=\/wp\/v2\/pages\/611"}],"wp:attachment":[{"href":"https:\/\/asoc-fulbright.es\/index.php?rest_route=%2Fwp%2Fv2%2Fmedia&parent=30"}],"curies":[{"name":"wp","href":"https:\/\/api.w.org\/{rel}","templated":true}]}}