{"id":278,"date":"2009-02-09T10:08:24","date_gmt":"2009-02-09T09:08:24","guid":{"rendered":"http:\/\/beta.asoc-fulbright.es\/?page_id=278"},"modified":"2010-02-01T11:43:30","modified_gmt":"2010-02-01T10:43:30","slug":"tertulia-fulbright-despues-de-iraq-europa-y-estados-unidos-de-nuevo-frente-a-frente-%c2%bfruptura-nueva-alianza-o-simplemente-reparto-desigual","status":"publish","type":"page","link":"https:\/\/asoc-fulbright.es\/?page_id=278","title":{"rendered":"Tertulia Fulbright: Despu\u00e9s de Iraq: Europa y Estados Unidos de nuevo frente a frente. \u00bfRuptura, nueva alianza o simplemente reparto desigual?"},"content":{"rendered":"<p>D. Luciano Berrocal,<br \/>\nProfesor en la Universidad de Bruselas, y colabora<br \/>\ncon los programas postgraduados de la UPM desde hace 7 a\u00f1os<br \/>\nmi\u00e9rcoles 10 de septiembre 2003<\/p>\n<p>El Prof. Luciano Berrocal, ha venido desarrollando su actividad academica en la Universidad de Bruselas y desde hace siete a\u00f1os colabora con los programas postgraduados de la UPM (Grupo de Ingenieria de la Organizaci\u00f3n), donde aborda la problem\u00e1tica del Nuevo Entorno Internacional. Ha colaborado como profesor invitado principalmente en las Universidades de Duke y Harvard (Centro de Estudios Internacionales). Desde Bruselas ha desarrollado una amplia labor de consultoria estrat\u00e9gica con gobiernos, empresas y asociaciones internacionales. Desde 1990 ha centrado su actividad acad\u00e9mica y de consultor\u00eda en la Nueva Europa Emergente, sin abandonar su inter\u00e9s por la globalizaci\u00f3n, competitividad y la cooperaci\u00f3n Eur-USA-Sur.<\/p>\n<p>Despu\u00e9s, iremos a cenar al Cafe Hispano, como de costumbre.<\/p>\n","protected":false},"excerpt":{"rendered":"<p>D. Luciano Berrocal, Profesor en la Universidad de Bruselas, y colabora con los programas postgraduados de la UPM desde hace 7 a\u00f1os mi\u00e9rcoles 10 de septiembre 2003 El Prof. Luciano Berrocal, ha venido desarrollando su actividad academica en la Universidad de Bruselas y desde hace siete a\u00f1os colabora con los programas postgraduados de la UPM [&hellip;]<\/p>\n","protected":false},"author":1,"featured_media":0,"parent":154,"menu_order":0,"comment_status":"open","ping_status":"open","template":"","meta":{"ngg_post_thumbnail":0,"footnotes":""},"class_list":["post-278","page","type-page","status-publish","hentry"],"_links":{"self":[{"href":"https:\/\/asoc-fulbright.es\/index.php?rest_route=\/wp\/v2\/pages\/278","targetHints":{"allow":["GET"]}}],"collection":[{"href":"https:\/\/asoc-fulbright.es\/index.php?rest_route=\/wp\/v2\/pages"}],"about":[{"href":"https:\/\/asoc-fulbright.es\/index.php?rest_route=\/wp\/v2\/types\/page"}],"author":[{"embeddable":true,"href":"https:\/\/asoc-fulbright.es\/index.php?rest_route=\/wp\/v2\/users\/1"}],"replies":[{"embeddable":true,"href":"https:\/\/asoc-fulbright.es\/index.php?rest_route=%2Fwp%2Fv2%2Fcomments&post=278"}],"version-history":[{"count":2,"href":"https:\/\/asoc-fulbright.es\/index.php?rest_route=\/wp\/v2\/pages\/278\/revisions"}],"predecessor-version":[{"id":1563,"href":"https:\/\/asoc-fulbright.es\/index.php?rest_route=\/wp\/v2\/pages\/278\/revisions\/1563"}],"up":[{"embeddable":true,"href":"https:\/\/asoc-fulbright.es\/index.php?rest_route=\/wp\/v2\/pages\/154"}],"wp:attachment":[{"href":"https:\/\/asoc-fulbright.es\/index.php?rest_route=%2Fwp%2Fv2%2Fmedia&parent=278"}],"curies":[{"name":"wp","href":"https:\/\/api.w.org\/{rel}","templated":true}]}}