{"id":259,"date":"2009-02-09T10:00:32","date_gmt":"2009-02-09T09:00:32","guid":{"rendered":"http:\/\/beta.asoc-fulbright.es\/?page_id=259"},"modified":"2010-02-01T10:43:52","modified_gmt":"2010-02-01T09:43:52","slug":"tertulia-fulbright-hungria-nuevo-miembro-de-la-union-europea","status":"publish","type":"page","link":"https:\/\/asoc-fulbright.es\/?page_id=259","title":{"rendered":"Tertulia Fulbright: Hungr\u00eda: nuevo miembro de la Uni\u00f3n Europea"},"content":{"rendered":"<p>Excmo Sr. D. G\u00e1bor T\u00f3th,<br \/>\nEmbajador de Hungr\u00eda, Doctor en Ciencias Politicas.<br \/>\nmartes, 1 de junio de 2004<\/p>\n<p>El Sr. G\u00e1bor T\u00f3th es Doctor en Ciencias Politicas y posee una amplia experiencia en la carrera diplomatica tanto en Hungria, como en Bolivia, Peru, Mejico y otros paises.<\/p>\n<p>Despu\u00e9s, iremos a cenar al Cafe Hispano, como de costumbre.<\/p>\n","protected":false},"excerpt":{"rendered":"<p>Excmo Sr. D. G\u00e1bor T\u00f3th, Embajador de Hungr\u00eda, Doctor en Ciencias Politicas. martes, 1 de junio de 2004 El Sr. G\u00e1bor T\u00f3th es Doctor en Ciencias Politicas y posee una amplia experiencia en la carrera diplomatica tanto en Hungria, como en Bolivia, Peru, Mejico y otros paises. Despu\u00e9s, iremos a cenar al Cafe Hispano, como [&hellip;]<\/p>\n","protected":false},"author":1,"featured_media":0,"parent":715,"menu_order":0,"comment_status":"open","ping_status":"open","template":"","meta":{"ngg_post_thumbnail":0,"footnotes":""},"class_list":["post-259","page","type-page","status-publish","hentry"],"_links":{"self":[{"href":"https:\/\/asoc-fulbright.es\/index.php?rest_route=\/wp\/v2\/pages\/259","targetHints":{"allow":["GET"]}}],"collection":[{"href":"https:\/\/asoc-fulbright.es\/index.php?rest_route=\/wp\/v2\/pages"}],"about":[{"href":"https:\/\/asoc-fulbright.es\/index.php?rest_route=\/wp\/v2\/types\/page"}],"author":[{"embeddable":true,"href":"https:\/\/asoc-fulbright.es\/index.php?rest_route=\/wp\/v2\/users\/1"}],"replies":[{"embeddable":true,"href":"https:\/\/asoc-fulbright.es\/index.php?rest_route=%2Fwp%2Fv2%2Fcomments&post=259"}],"version-history":[{"count":2,"href":"https:\/\/asoc-fulbright.es\/index.php?rest_route=\/wp\/v2\/pages\/259\/revisions"}],"predecessor-version":[{"id":1551,"href":"https:\/\/asoc-fulbright.es\/index.php?rest_route=\/wp\/v2\/pages\/259\/revisions\/1551"}],"up":[{"embeddable":true,"href":"https:\/\/asoc-fulbright.es\/index.php?rest_route=\/wp\/v2\/pages\/715"}],"wp:attachment":[{"href":"https:\/\/asoc-fulbright.es\/index.php?rest_route=%2Fwp%2Fv2%2Fmedia&parent=259"}],"curies":[{"name":"wp","href":"https:\/\/api.w.org\/{rel}","templated":true}]}}