{"id":253,"date":"2009-02-09T09:58:25","date_gmt":"2009-02-09T08:58:25","guid":{"rendered":"http:\/\/beta.asoc-fulbright.es\/?page_id=253"},"modified":"2010-02-01T10:42:04","modified_gmt":"2010-02-01T09:42:04","slug":"tertulia-fulbright-perspectivas-para-las-elecciones-presidenciales-en-ee-uu-el-2-de-noviembre","status":"publish","type":"page","link":"https:\/\/asoc-fulbright.es\/?page_id=253","title":{"rendered":"Tertulia Fulbright: Perspectivas para las elecciones presidenciales en EE.UU. el 2 de noviembre"},"content":{"rendered":"<p>Juan Verde,<br \/>\nPresidente de Americans Overseas for Kerry en Espa\u00f1a<br \/>\nmartes, 5 de octubre de 2004<\/p>\n<p>El Sr. Verde, adem\u00e1s de presidir el comit\u00e9 de AOKerry en Espa\u00f1a es Vice- Presidente Ejecutivo de Public Administration Strategy Solutions, una empresa con sedes en Washington y Madrid. Ha dedicado la mayor parte de su carrera profesional al desarrollo de estrategias de comunicaci\u00f3n y planifiaci\u00f3n estrat\u00e9gica para la administraci\u00f3n p\u00fablica y el mundo corporativo.<\/p>\n<p>Juan Verde, nacido en Canarias, tiene una \u00e1mplia experiencia en el mundo de la estrategia pol\u00edtica y campa\u00f1as electorales y ha participado como invitado oficial en tres convenciones nacionales de partidos pol\u00edticos. Tambi\u00e9n ha sido coordinador y ponente en dichas convenciones, y ha colaborado en doce campa\u00f1as pol\u00edticas de \u00e1mbito local, municipal, estatal y nacional en varios pa\u00edses. Entre otros ha trabajado para las campa\u00f1as pol\u00edticas de Edward Kennedy, Joe Kennedy, William Clinton y Al Gore. Actualmente, colabora como consultor pol\u00edtico para el partido nacional dem\u00f3crata en estrategia y comunicaci\u00f3n con la comunidad hispana.<\/p>\n<p>Despu\u00e9s, iremos a cenar al Cafe Hispano, como de costumbre.<\/p>\n","protected":false},"excerpt":{"rendered":"<p>Juan Verde, Presidente de Americans Overseas for Kerry en Espa\u00f1a martes, 5 de octubre de 2004 El Sr. Verde, adem\u00e1s de presidir el comit\u00e9 de AOKerry en Espa\u00f1a es Vice- Presidente Ejecutivo de Public Administration Strategy Solutions, una empresa con sedes en Washington y Madrid. Ha dedicado la mayor parte de su carrera profesional al [&hellip;]<\/p>\n","protected":false},"author":1,"featured_media":0,"parent":715,"menu_order":0,"comment_status":"open","ping_status":"open","template":"","meta":{"ngg_post_thumbnail":0,"footnotes":""},"class_list":["post-253","page","type-page","status-publish","hentry"],"_links":{"self":[{"href":"https:\/\/asoc-fulbright.es\/index.php?rest_route=\/wp\/v2\/pages\/253","targetHints":{"allow":["GET"]}}],"collection":[{"href":"https:\/\/asoc-fulbright.es\/index.php?rest_route=\/wp\/v2\/pages"}],"about":[{"href":"https:\/\/asoc-fulbright.es\/index.php?rest_route=\/wp\/v2\/types\/page"}],"author":[{"embeddable":true,"href":"https:\/\/asoc-fulbright.es\/index.php?rest_route=\/wp\/v2\/users\/1"}],"replies":[{"embeddable":true,"href":"https:\/\/asoc-fulbright.es\/index.php?rest_route=%2Fwp%2Fv2%2Fcomments&post=253"}],"version-history":[{"count":2,"href":"https:\/\/asoc-fulbright.es\/index.php?rest_route=\/wp\/v2\/pages\/253\/revisions"}],"predecessor-version":[{"id":1548,"href":"https:\/\/asoc-fulbright.es\/index.php?rest_route=\/wp\/v2\/pages\/253\/revisions\/1548"}],"up":[{"embeddable":true,"href":"https:\/\/asoc-fulbright.es\/index.php?rest_route=\/wp\/v2\/pages\/715"}],"wp:attachment":[{"href":"https:\/\/asoc-fulbright.es\/index.php?rest_route=%2Fwp%2Fv2%2Fmedia&parent=253"}],"curies":[{"name":"wp","href":"https:\/\/api.w.org\/{rel}","templated":true}]}}