{"id":233,"date":"2009-02-09T09:48:58","date_gmt":"2009-02-09T08:48:58","guid":{"rendered":"http:\/\/beta.asoc-fulbright.es\/?page_id=233"},"modified":"2010-02-01T10:36:48","modified_gmt":"2010-02-01T09:36:48","slug":"tertulia-fulbright-mas-alla-del-calculo-muestrario-de-modernidad-reflexiva-creatividad-y-conflicto-en-la-ingenieria-espanola","status":"publish","type":"page","link":"https:\/\/asoc-fulbright.es\/?page_id=233","title":{"rendered":"Tertulia Fulbright: M\u00e1s all\u00e1 del c\u00e1lculo, muestrario de modernidad reflexiva, creatividad y conflicto en la ingenier\u00eda Espa\u00f1ola"},"content":{"rendered":"<p>C\u00e9sar Lanza,<br \/>\nBecario Fulbright durante 1987-88, es ingeniero de Caminos e inform\u00e1tico<br \/>\nmartes, 13 de septiembre de 2005<\/p>\n<p>Frente a la imagen usual que se forma del ingeniero en la conciencia del p\u00fablico, la de un ser cuadriculado y m\u00e1s bien soso que habita en el anonimato de una n\u00f3mina confortable, se levanta la evidencia de la historia de los individuos singulares que hacen de la ingenier\u00eda un alarde de modernidad y creaci\u00f3n de valor, los innovadores.<\/p>\n<p>Pero el cambio que propician esos ingenieros descuadriculados recuerda la m\u00e1xima de Schumpeter sobre los \u201cvientos perennes de destrucci\u00f3n creadora\u201d, porque lo que tal creatividad supone de amenaza al status establecido, conduciendo a una pugna entre individuo y sistema, frecuentemente sostenida en soledad.<\/p>\n<p>La tertulia Fulbright del 13-IX pretende hilvanar algunas an\u00e9cdotas y reflexiones sobre \u00e9pocas, personas y vicisitudes diferentes unidas por un nexo com\u00fan: la acci\u00f3n de la ingenier\u00eda como factor intr\u00ednseco de modernidad y creaci\u00f3n de riqueza a trav\u00e9s de lo nuevo, a\u00fan en contextos hostiles al cambio. Para ello se han elegido individualidades paradigm\u00e1ticas aunque no demasiado bien conocidas en su honda cualidad instigadora: Cerd\u00e1, Terradas, Tor\u00e1n y Sendagorta.<\/p>\n<p>C\u00e9sar Lanza, becario Fulbright durante 1987-88, es ingeniero de Caminos e inform\u00e1tico. Promotor de varias iniciativas empresariales (Tecnova, Sensoria, Nuvole Rosse) y otras venturas sin \u00e1nimo de lucro (Red INTIC, Nice). Ha escrito algunos libros, entre los m\u00e1s recientes \u201cModernidad e Ingenier\u00eda Contempor\u00e1nea\u201d (2003) y \u201cLamina et Turbulentia &#8211; Collage sobre el Agua\u201d (2004), ambos publicados por la Fundaci\u00f3n Esteyco para el Progreso de la Ingenier\u00eda y de la Arquitectura. Tambi\u00e9n es editor del bolet\u00edn In pura sobre temas de ingenier\u00eda e innovaci\u00f3n, que se distribuye cada quince d\u00edas a un grupo amplio y heterog\u00e9neo de personajes y personas interesadas.<\/p>\n<p>Despu\u00e9s, iremos a cenar al Cafe Hispano, como de costumbre.<\/p>\n","protected":false},"excerpt":{"rendered":"<p>C\u00e9sar Lanza, Becario Fulbright durante 1987-88, es ingeniero de Caminos e inform\u00e1tico martes, 13 de septiembre de 2005 Frente a la imagen usual que se forma del ingeniero en la conciencia del p\u00fablico, la de un ser cuadriculado y m\u00e1s bien soso que habita en el anonimato de una n\u00f3mina confortable, se levanta la evidencia [&hellip;]<\/p>\n","protected":false},"author":1,"featured_media":0,"parent":715,"menu_order":0,"comment_status":"open","ping_status":"open","template":"","meta":{"ngg_post_thumbnail":0,"footnotes":""},"class_list":["post-233","page","type-page","status-publish","hentry"],"_links":{"self":[{"href":"https:\/\/asoc-fulbright.es\/index.php?rest_route=\/wp\/v2\/pages\/233","targetHints":{"allow":["GET"]}}],"collection":[{"href":"https:\/\/asoc-fulbright.es\/index.php?rest_route=\/wp\/v2\/pages"}],"about":[{"href":"https:\/\/asoc-fulbright.es\/index.php?rest_route=\/wp\/v2\/types\/page"}],"author":[{"embeddable":true,"href":"https:\/\/asoc-fulbright.es\/index.php?rest_route=\/wp\/v2\/users\/1"}],"replies":[{"embeddable":true,"href":"https:\/\/asoc-fulbright.es\/index.php?rest_route=%2Fwp%2Fv2%2Fcomments&post=233"}],"version-history":[{"count":2,"href":"https:\/\/asoc-fulbright.es\/index.php?rest_route=\/wp\/v2\/pages\/233\/revisions"}],"predecessor-version":[{"id":1538,"href":"https:\/\/asoc-fulbright.es\/index.php?rest_route=\/wp\/v2\/pages\/233\/revisions\/1538"}],"up":[{"embeddable":true,"href":"https:\/\/asoc-fulbright.es\/index.php?rest_route=\/wp\/v2\/pages\/715"}],"wp:attachment":[{"href":"https:\/\/asoc-fulbright.es\/index.php?rest_route=%2Fwp%2Fv2%2Fmedia&parent=233"}],"curies":[{"name":"wp","href":"https:\/\/api.w.org\/{rel}","templated":true}]}}