{"id":225,"date":"2009-02-09T09:43:58","date_gmt":"2009-02-09T08:43:58","guid":{"rendered":"http:\/\/beta.asoc-fulbright.es\/?page_id=225"},"modified":"2010-02-01T10:36:18","modified_gmt":"2010-02-01T09:36:18","slug":"islamismo-el-radicalismo-desvelado","status":"publish","type":"page","link":"https:\/\/asoc-fulbright.es\/?page_id=225","title":{"rendered":"Islamismo, el radicalismo desvelado"},"content":{"rendered":"<p>Ignacio de la Torre<br \/>\nIslamismo, el radicalismo desvelado<br \/>\nMartes, 10 de Enero de 2006<\/p>\n<p>En nuestra tertulia mensual, que por las fiestas celebramos el martes 10 de enero, tenemos como invitado a<\/p>\n<p>Ignacio de la Torre<\/p>\n<p>que nos hablar\u00e1 de su libro:<\/p>\n<p>Islamismo, el radicalismo desvelado<\/p>\n<p>Ignacio de la Torre es economista, abogado, MBA y Doctor en Historia por la UNED. Cofundador de de tododvd.com , actualmente trabaja como director en el departamento de bolsa de UBS Investment Bank y como profesor asociado de contabilidad financiera en el Instituto de Empresa.<\/p>\n<p>Ha publicado diversos art\u00edculos en revistas especializadas y es autor de Los Templarios y el origen de la banca. Adem\u00e1s, ha colaborado con una serie de t\u00e9rminos sobre el Islam en el nuevo Diccionario LID de Diplomacia y Relaciones Internacionales, y est\u00e1 preparando su segundo libro de autor con LID sobre ingeniera financiera y contabilidad creativa.<\/p>\n<p>Estar\u00e1n disponibles para la venta copias de su libro Islamismo y los beneficios ser\u00e1n para nuestro fondo para la beca.<\/p>\n<p>Despu\u00e9s de la tertulia iremos, como de costumbre, a cenar al Caf\u00e9 Hispano.<\/p>\n","protected":false},"excerpt":{"rendered":"<p>Ignacio de la Torre Islamismo, el radicalismo desvelado Martes, 10 de Enero de 2006 En nuestra tertulia mensual, que por las fiestas celebramos el martes 10 de enero, tenemos como invitado a Ignacio de la Torre que nos hablar\u00e1 de su libro: Islamismo, el radicalismo desvelado Ignacio de la Torre es economista, abogado, MBA y [&hellip;]<\/p>\n","protected":false},"author":1,"featured_media":0,"parent":715,"menu_order":0,"comment_status":"open","ping_status":"open","template":"","meta":{"ngg_post_thumbnail":0,"footnotes":""},"class_list":["post-225","page","type-page","status-publish","hentry"],"_links":{"self":[{"href":"https:\/\/asoc-fulbright.es\/index.php?rest_route=\/wp\/v2\/pages\/225","targetHints":{"allow":["GET"]}}],"collection":[{"href":"https:\/\/asoc-fulbright.es\/index.php?rest_route=\/wp\/v2\/pages"}],"about":[{"href":"https:\/\/asoc-fulbright.es\/index.php?rest_route=\/wp\/v2\/types\/page"}],"author":[{"embeddable":true,"href":"https:\/\/asoc-fulbright.es\/index.php?rest_route=\/wp\/v2\/users\/1"}],"replies":[{"embeddable":true,"href":"https:\/\/asoc-fulbright.es\/index.php?rest_route=%2Fwp%2Fv2%2Fcomments&post=225"}],"version-history":[{"count":2,"href":"https:\/\/asoc-fulbright.es\/index.php?rest_route=\/wp\/v2\/pages\/225\/revisions"}],"predecessor-version":[{"id":1537,"href":"https:\/\/asoc-fulbright.es\/index.php?rest_route=\/wp\/v2\/pages\/225\/revisions\/1537"}],"up":[{"embeddable":true,"href":"https:\/\/asoc-fulbright.es\/index.php?rest_route=\/wp\/v2\/pages\/715"}],"wp:attachment":[{"href":"https:\/\/asoc-fulbright.es\/index.php?rest_route=%2Fwp%2Fv2%2Fmedia&parent=225"}],"curies":[{"name":"wp","href":"https:\/\/api.w.org\/{rel}","templated":true}]}}