{"id":218,"date":"2009-02-09T09:42:10","date_gmt":"2009-02-09T08:42:10","guid":{"rendered":"http:\/\/beta.asoc-fulbright.es\/?page_id=218"},"modified":"2010-02-01T10:32:49","modified_gmt":"2010-02-01T09:32:49","slug":"tertulia-fulbright-en-el-20%c2%ba-aniversario-de-la-incorporacion-de-espana-estado-actual-y-perspectivas-de-la-union-europea","status":"publish","type":"page","link":"https:\/\/asoc-fulbright.es\/?page_id=218","title":{"rendered":"Tertulia Fulbright: En el 20\u00ba Aniversario de la incorporaci\u00f3n de Espa\u00f1a, estado actual y perspectivas de la Uni\u00f3n Europea"},"content":{"rendered":"<p>D. Jos\u00e9 Luis Gonz\u00e1lez Vallv\u00e9<br \/>\nEn el 20\u00ba Aniversario de la incorporaci\u00f3n de Espa\u00f1a, estado actual y perspectivas de la Uni\u00f3n Europea<br \/>\nMartes, 4 de Abril de 2006<\/p>\n<p>En nuestra pr\u00f3xima tertulia, martes 4 de abril, tendremos con nosotros a D. Jos\u00e9 Luis Gonz\u00e1lez Vallv\u00e9, Director de la Representaci\u00f3n en Espa\u00f1a de la Comisi\u00f3n Europea.<\/p>\n<p>Su conferencia versar\u00e1 sobre el tema:<\/p>\n<p>EN EL 20\u00ba ANIVERSARIO DE LA INCORPORACI\u00d3N DE ESPA\u00d1A, ESTADO ACTUAL Y PERSPECTIVAS DE LA UNI\u00d3N EUROPEA<\/p>\n<p>D Jos\u00e9 Luis Gonz\u00e1lez Vallv\u00e9 es Doctor Ingeniero de Caminos por la Universidad Polit\u00e9cnica de Madrid y Licenciado en Derecho por la Universidad de Salamanca. Ha trabajado durante a\u00f1os como ingeniero y consultor para empresas privadas de construcci\u00f3n e ingenier\u00eda. Desde 1987 es funcionario de la Comisi\u00f3n Europea, en la que ha desempe\u00f1ado diversos cargos, entre ellos el de Jefe Adjunto de la Divisi\u00f3n Espa\u00f1a a partir de 1989, realizando la planificaci\u00f3n y seguimiento de todas las inversiones cofinanciadas por los Fondos Estructurales en Espa\u00f1a. En el periodo de 1999 a 2003, es Consejero de la Junta de Castilla y Le\u00f3n, primero de Fomento y despu\u00e9s de Industria, Comercio y Turismo. En noviembre de 2003 es nombrado Director de la Representaci\u00f3n en Espa\u00f1a de la Comisi\u00f3n Europea. Es miembro de numerosas asociaciones de prestigio, entre ellas el cap\u00edtulo espa\u00f1ol del Club de Roma, y ha sido condecorado con la Cruz de Beneficiencia por el Estado Espa\u00f1ol.<\/p>\n<p>Despu\u00e9s de la tertulia iremos, como de costumbre, a cenar al Caf\u00e9 Hispano.<\/p>\n","protected":false},"excerpt":{"rendered":"<p>D. Jos\u00e9 Luis Gonz\u00e1lez Vallv\u00e9 En el 20\u00ba Aniversario de la incorporaci\u00f3n de Espa\u00f1a, estado actual y perspectivas de la Uni\u00f3n Europea Martes, 4 de Abril de 2006 En nuestra pr\u00f3xima tertulia, martes 4 de abril, tendremos con nosotros a D. Jos\u00e9 Luis Gonz\u00e1lez Vallv\u00e9, Director de la Representaci\u00f3n en Espa\u00f1a de la Comisi\u00f3n Europea. [&hellip;]<\/p>\n","protected":false},"author":1,"featured_media":0,"parent":154,"menu_order":0,"comment_status":"open","ping_status":"open","template":"","meta":{"ngg_post_thumbnail":0,"footnotes":""},"class_list":["post-218","page","type-page","status-publish","hentry"],"_links":{"self":[{"href":"https:\/\/asoc-fulbright.es\/index.php?rest_route=\/wp\/v2\/pages\/218","targetHints":{"allow":["GET"]}}],"collection":[{"href":"https:\/\/asoc-fulbright.es\/index.php?rest_route=\/wp\/v2\/pages"}],"about":[{"href":"https:\/\/asoc-fulbright.es\/index.php?rest_route=\/wp\/v2\/types\/page"}],"author":[{"embeddable":true,"href":"https:\/\/asoc-fulbright.es\/index.php?rest_route=\/wp\/v2\/users\/1"}],"replies":[{"embeddable":true,"href":"https:\/\/asoc-fulbright.es\/index.php?rest_route=%2Fwp%2Fv2%2Fcomments&post=218"}],"version-history":[{"count":3,"href":"https:\/\/asoc-fulbright.es\/index.php?rest_route=\/wp\/v2\/pages\/218\/revisions"}],"predecessor-version":[{"id":1531,"href":"https:\/\/asoc-fulbright.es\/index.php?rest_route=\/wp\/v2\/pages\/218\/revisions\/1531"}],"up":[{"embeddable":true,"href":"https:\/\/asoc-fulbright.es\/index.php?rest_route=\/wp\/v2\/pages\/154"}],"wp:attachment":[{"href":"https:\/\/asoc-fulbright.es\/index.php?rest_route=%2Fwp%2Fv2%2Fmedia&parent=218"}],"curies":[{"name":"wp","href":"https:\/\/api.w.org\/{rel}","templated":true}]}}