{"id":2177,"date":"2011-03-09T20:25:29","date_gmt":"2011-03-09T19:25:29","guid":{"rendered":"http:\/\/asoc-fulbright.es\/"},"modified":"2011-03-09T20:38:59","modified_gmt":"2011-03-09T19:38:59","slug":"patrocinadores-de-la-beca-en-2010","status":"publish","type":"page","link":"https:\/\/asoc-fulbright.es\/?page_id=2177","title":{"rendered":"Patrocinadores de la Beca en 2010"},"content":{"rendered":"<h3>Patrocinadores Oro<\/h3>\n<p>Gloria del Campo<br \/>\nJuan D\u00edaz-Andreu<br \/>\nAngel y Elizabeth Cabrera<br \/>\nPedro Callol<br \/>\nFundaci\u00f3n INNAXIS<br \/>\nBeatriz Puente<br \/>\nLorenzo Rodr\u00edguez Dur\u00e1ntez<br \/>\nLuis Rodr\u00edguez Ovejero<br \/>\nArjan Sundardas<\/p>\n<h3>Patrocinadores Plata<\/h3>\n<p>Angel \u00c1lvarez<br \/>\nAntonio Fern\u00e1ndez Anta<br \/>\nGonzalo Figuera<br \/>\nEduardo Garrigues<br \/>\nPilar G\u00f3mez Fabra<br \/>\nPilar Manzano<br \/>\nJose Antonio Mart\u00edn<br \/>\nJos\u00e9 Manuel Pardo<br \/>\nEduardo P\u00e9rez<br \/>\nBeatriz G.F.Valderrama<\/p>\n<h3>Patrocinadores Bronce<\/h3>\n<p>Vicente Blanco Gaspar<br \/>\nLuis Andr\u00e9s Santos<br \/>\nLuis Villar<\/p>\n<h3>Otros Patrocinios<\/h3>\n<p>Venta de Cava Asociaci\u00f3n<br \/>\nVenta de Vino Asociaci\u00f3n<\/p>\n","protected":false},"excerpt":{"rendered":"<p>Patrocinadores Oro Gloria del Campo Juan D\u00edaz-Andreu Angel y Elizabeth Cabrera Pedro Callol Fundaci\u00f3n INNAXIS Beatriz Puente Lorenzo Rodr\u00edguez Dur\u00e1ntez Luis Rodr\u00edguez Ovejero Arjan Sundardas Patrocinadores Plata Angel \u00c1lvarez Antonio Fern\u00e1ndez Anta Gonzalo Figuera Eduardo Garrigues Pilar G\u00f3mez Fabra Pilar Manzano Jose Antonio Mart\u00edn Jos\u00e9 Manuel Pardo Eduardo P\u00e9rez Beatriz G.F.Valderrama Patrocinadores Bronce Vicente Blanco [&hellip;]<\/p>\n","protected":false},"author":9,"featured_media":0,"parent":316,"menu_order":0,"comment_status":"open","ping_status":"open","template":"","meta":{"ngg_post_thumbnail":0,"footnotes":""},"class_list":["post-2177","page","type-page","status-publish","hentry"],"_links":{"self":[{"href":"https:\/\/asoc-fulbright.es\/index.php?rest_route=\/wp\/v2\/pages\/2177","targetHints":{"allow":["GET"]}}],"collection":[{"href":"https:\/\/asoc-fulbright.es\/index.php?rest_route=\/wp\/v2\/pages"}],"about":[{"href":"https:\/\/asoc-fulbright.es\/index.php?rest_route=\/wp\/v2\/types\/page"}],"author":[{"embeddable":true,"href":"https:\/\/asoc-fulbright.es\/index.php?rest_route=\/wp\/v2\/users\/9"}],"replies":[{"embeddable":true,"href":"https:\/\/asoc-fulbright.es\/index.php?rest_route=%2Fwp%2Fv2%2Fcomments&post=2177"}],"version-history":[{"count":3,"href":"https:\/\/asoc-fulbright.es\/index.php?rest_route=\/wp\/v2\/pages\/2177\/revisions"}],"predecessor-version":[{"id":2182,"href":"https:\/\/asoc-fulbright.es\/index.php?rest_route=\/wp\/v2\/pages\/2177\/revisions\/2182"}],"up":[{"embeddable":true,"href":"https:\/\/asoc-fulbright.es\/index.php?rest_route=\/wp\/v2\/pages\/316"}],"wp:attachment":[{"href":"https:\/\/asoc-fulbright.es\/index.php?rest_route=%2Fwp%2Fv2%2Fmedia&parent=2177"}],"curies":[{"name":"wp","href":"https:\/\/api.w.org\/{rel}","templated":true}]}}