{"id":186,"date":"2009-02-09T08:11:49","date_gmt":"2009-02-09T07:11:49","guid":{"rendered":"http:\/\/beta.asoc-fulbright.es\/?page_id=186"},"modified":"2010-01-27T21:24:41","modified_gmt":"2010-01-27T20:24:41","slug":"tertulia-fulbright-la-investigacion-y-el-desarrollo-en-espana","status":"publish","type":"page","link":"https:\/\/asoc-fulbright.es\/?page_id=186","title":{"rendered":"Tertulia Fulbright: La investigaci\u00f3n y el desarrollo en Espa\u00f1a"},"content":{"rendered":"<p>D. Jose Manuel Fern\u00e1ndez de Labastida<br \/>\nactualmente Vicepresidente de Investigacion Cientifica y Tecnica del CSIC<br \/>\nMartes, 16 de Enero de 2007<\/p>\n<p>En nuestra proxima tertulia mensual, el martes 16 de enero, tendremos como invitado a<\/p>\n<p>JOSE MANUEL FERNANDEZ DE LABASTIDA actualmente Vicepresidente de Investigacion Cientifica y Tecnica del CSIC,<\/p>\n<p>que nos hablar\u00e1 sobre:<\/p>\n<p>LA INVESTIGACION Y EL DESARROLLO EN ESPA\u00d1A<\/p>\n<p>Nuestro conferenciante es Catedratico de Fisica Teorica de la Universidad de Santiago de Compostela. Es autor de mas de 80 publicaciones cientificas en el campo de la fisica cuantica.<\/p>\n<p>Con anterioridad a su cargo actual, ha desempe\u00f1ado tambien diversos cargos de gestion cientifica como el de Subdirector General de Proyectos de Investigacion del Ministerio de Ciencia y Tecnologia.<\/p>\n<p>Despu\u00e9s de la tertulia iremos, como de costumbre, a cenar al Caf\u00e9 Hispano.<\/p>\n","protected":false},"excerpt":{"rendered":"<p>D. Jose Manuel Fern\u00e1ndez de Labastida actualmente Vicepresidente de Investigacion Cientifica y Tecnica del CSIC Martes, 16 de Enero de 2007 En nuestra proxima tertulia mensual, el martes 16 de enero, tendremos como invitado a JOSE MANUEL FERNANDEZ DE LABASTIDA actualmente Vicepresidente de Investigacion Cientifica y Tecnica del CSIC, que nos hablar\u00e1 sobre: LA INVESTIGACION [&hellip;]<\/p>\n","protected":false},"author":1,"featured_media":0,"parent":708,"menu_order":0,"comment_status":"open","ping_status":"open","template":"","meta":{"ngg_post_thumbnail":0,"footnotes":""},"class_list":["post-186","page","type-page","status-publish","hentry"],"_links":{"self":[{"href":"https:\/\/asoc-fulbright.es\/index.php?rest_route=\/wp\/v2\/pages\/186","targetHints":{"allow":["GET"]}}],"collection":[{"href":"https:\/\/asoc-fulbright.es\/index.php?rest_route=\/wp\/v2\/pages"}],"about":[{"href":"https:\/\/asoc-fulbright.es\/index.php?rest_route=\/wp\/v2\/types\/page"}],"author":[{"embeddable":true,"href":"https:\/\/asoc-fulbright.es\/index.php?rest_route=\/wp\/v2\/users\/1"}],"replies":[{"embeddable":true,"href":"https:\/\/asoc-fulbright.es\/index.php?rest_route=%2Fwp%2Fv2%2Fcomments&post=186"}],"version-history":[{"count":2,"href":"https:\/\/asoc-fulbright.es\/index.php?rest_route=\/wp\/v2\/pages\/186\/revisions"}],"predecessor-version":[{"id":1481,"href":"https:\/\/asoc-fulbright.es\/index.php?rest_route=\/wp\/v2\/pages\/186\/revisions\/1481"}],"up":[{"embeddable":true,"href":"https:\/\/asoc-fulbright.es\/index.php?rest_route=\/wp\/v2\/pages\/708"}],"wp:attachment":[{"href":"https:\/\/asoc-fulbright.es\/index.php?rest_route=%2Fwp%2Fv2%2Fmedia&parent=186"}],"curies":[{"name":"wp","href":"https:\/\/api.w.org\/{rel}","templated":true}]}}