{"id":170,"date":"2009-02-09T08:07:00","date_gmt":"2009-02-09T07:07:00","guid":{"rendered":"http:\/\/beta.asoc-fulbright.es\/?page_id=170"},"modified":"2010-01-27T21:28:17","modified_gmt":"2010-01-27T20:28:17","slug":"tertulia-fulbright-el-cambio-climatico-una-verdad-incomoda","status":"publish","type":"page","link":"https:\/\/asoc-fulbright.es\/?page_id=170","title":{"rendered":"Tertulia Fulbright: El cambio clim\u00e1tico, una verdad inc\u00f3moda"},"content":{"rendered":"<p>D. Juan Negrillo<br \/>\ndirige actualmente el Departamento de Medio Ambiente de Futura Studio<br \/>\nMartes, 2 de Octubre de 2007<\/p>\n<p>Queridos amigos,<\/p>\n<p>Como ya es habitual en nuestras tertulias, abordaremos un tema de la m\u00e1xima actualidad e impacto, como es<\/p>\n<p>EL CAMBIO CLIM\u00c1TICO: UNA VERDAD INCOMODA<\/p>\n<p>Para ello, tendremos el honor de contar como ponente con:<\/p>\n<p>JUAN NEGRILLO, que dirige actualmente el Departamento de Medio Ambiente  de Futura Studio donde, en asociaci\u00f3n con Al Gore, esta impulsando iniciativas  que promuevan el cambio hacia una sociedad sin CO2, desde los \u00e1mbitos empresarial,  pol\u00edtico y ciudadano.<\/p>\n<p>Juan Negrillo es investigador social y su inter\u00e9s por los problemas del clima  le ha llevado a comprometerse con el \u00abClimate Project\u00bb de Al Gore,  siendo  el primer espa\u00f1ol que ha recibido la formaci\u00f3n para impartir la conferencia  en la que se basa el documental \u00abUna Verdad Incomoda\u00bb.<\/p>\n<p>Es licenciado en Derecho por la Universidad de Valencia y licenciado  en Ciencias Econ\u00f3micas por la Universidades de Valencia y de Nantes  y desde entonces ha estado involucrado en diferentes iniciativas  de car\u00e1cter social.<\/p>\n<p>Ha dirigido en Bruselas la Asociaci\u00f3n ELSA (European Law Students\u00b4 Association),  una asociaci\u00f3n internacional desde la que impulso iniciativas de Derechos Humanos  y de Derecho Medioambiental. En Espa\u00f1a ha desarrollado el proyecto de interacci\u00f3n  socio-laboral de la Fundaci\u00f3n Trabajo-Cultura en Valencia.<\/p>\n<p>Forma parte del Grupo Futura, donde trabaja desde hace siete a\u00f1os y en el que se ha ocupado  de la direcci\u00f3n de contenidos de Campus Party. En el a\u00f1o 2001 fundo y dirigi\u00f3 las primeras  ediciones de la Universidad de Verano Campus TI, especializada en Ciencia y Tecnolog\u00eda.<\/p>\n<p>Despues de la conferencia, iremos como de costumbre a cenar al Cafe Hispano.<\/p>\n<p>Lugar: Escuela T\u00e9cnica Superior de Ingenieros Industriales &#8211; UPM<br \/>\n  C\/ Jos\u00e9 Guti\u00e9rrez Abascal, N\u00ba 2. Aula C<br \/>\n  Madrid<br \/>\n  DIA: Martes, 2 de Octubre de 2007<br \/>\n  Hora: 20:00<\/p>\n","protected":false},"excerpt":{"rendered":"<p>D. Juan Negrillo dirige actualmente el Departamento de Medio Ambiente de Futura Studio Martes, 2 de Octubre de 2007 Queridos amigos, Como ya es habitual en nuestras tertulias, abordaremos un tema de la m\u00e1xima actualidad e impacto, como es EL CAMBIO CLIM\u00c1TICO: UNA VERDAD INCOMODA Para ello, tendremos el honor de contar como ponente con: [&hellip;]<\/p>\n","protected":false},"author":1,"featured_media":0,"parent":708,"menu_order":0,"comment_status":"open","ping_status":"open","template":"","meta":{"ngg_post_thumbnail":0,"footnotes":""},"class_list":["post-170","page","type-page","status-publish","hentry"],"_links":{"self":[{"href":"https:\/\/asoc-fulbright.es\/index.php?rest_route=\/wp\/v2\/pages\/170","targetHints":{"allow":["GET"]}}],"collection":[{"href":"https:\/\/asoc-fulbright.es\/index.php?rest_route=\/wp\/v2\/pages"}],"about":[{"href":"https:\/\/asoc-fulbright.es\/index.php?rest_route=\/wp\/v2\/types\/page"}],"author":[{"embeddable":true,"href":"https:\/\/asoc-fulbright.es\/index.php?rest_route=\/wp\/v2\/users\/1"}],"replies":[{"embeddable":true,"href":"https:\/\/asoc-fulbright.es\/index.php?rest_route=%2Fwp%2Fv2%2Fcomments&post=170"}],"version-history":[{"count":2,"href":"https:\/\/asoc-fulbright.es\/index.php?rest_route=\/wp\/v2\/pages\/170\/revisions"}],"predecessor-version":[{"id":1489,"href":"https:\/\/asoc-fulbright.es\/index.php?rest_route=\/wp\/v2\/pages\/170\/revisions\/1489"}],"up":[{"embeddable":true,"href":"https:\/\/asoc-fulbright.es\/index.php?rest_route=\/wp\/v2\/pages\/708"}],"wp:attachment":[{"href":"https:\/\/asoc-fulbright.es\/index.php?rest_route=%2Fwp%2Fv2%2Fmedia&parent=170"}],"curies":[{"name":"wp","href":"https:\/\/api.w.org\/{rel}","templated":true}]}}