{"id":1309,"date":"2010-01-07T12:27:18","date_gmt":"2010-01-07T11:27:18","guid":{"rendered":"http:\/\/asoc-fulbright.es\/?page_id=1309"},"modified":"2010-01-08T12:58:47","modified_gmt":"2010-01-08T11:58:47","slug":"patrocinadores-de-la-beca-en-2006","status":"publish","type":"page","link":"https:\/\/asoc-fulbright.es\/?page_id=1309","title":{"rendered":"Patrocinadores de la Beca en 2006"},"content":{"rendered":"<h3><\/h3>\n<h3>Patrocinadores Plata<\/h3>\n<p>Angel \u00c1lvarez<br \/>\nPilar Manzano<br \/>\nJos\u00e9 Manuel Pardo<br \/>\nEduardo P\u00e9rez<\/p>\n<h3>Otros Patrocinios<\/h3>\n<p>Venta de grabados de Antonio Escobar<br \/>\nVenta de Cava Asociaci\u00f3n<br \/>\nVenta de Vino Asociaci\u00f3n<\/p>\n","protected":false},"excerpt":{"rendered":"<p>Patrocinadores Plata Angel \u00c1lvarez Pilar Manzano Jos\u00e9 Manuel Pardo Eduardo P\u00e9rez Otros Patrocinios Venta de grabados de Antonio Escobar Venta de Cava Asociaci\u00f3n Venta de Vino Asociaci\u00f3n<\/p>\n","protected":false},"author":9,"featured_media":0,"parent":316,"menu_order":0,"comment_status":"open","ping_status":"open","template":"","meta":{"ngg_post_thumbnail":0,"footnotes":""},"class_list":["post-1309","page","type-page","status-publish","hentry"],"_links":{"self":[{"href":"https:\/\/asoc-fulbright.es\/index.php?rest_route=\/wp\/v2\/pages\/1309","targetHints":{"allow":["GET"]}}],"collection":[{"href":"https:\/\/asoc-fulbright.es\/index.php?rest_route=\/wp\/v2\/pages"}],"about":[{"href":"https:\/\/asoc-fulbright.es\/index.php?rest_route=\/wp\/v2\/types\/page"}],"author":[{"embeddable":true,"href":"https:\/\/asoc-fulbright.es\/index.php?rest_route=\/wp\/v2\/users\/9"}],"replies":[{"embeddable":true,"href":"https:\/\/asoc-fulbright.es\/index.php?rest_route=%2Fwp%2Fv2%2Fcomments&post=1309"}],"version-history":[{"count":6,"href":"https:\/\/asoc-fulbright.es\/index.php?rest_route=\/wp\/v2\/pages\/1309\/revisions"}],"predecessor-version":[{"id":1350,"href":"https:\/\/asoc-fulbright.es\/index.php?rest_route=\/wp\/v2\/pages\/1309\/revisions\/1350"}],"up":[{"embeddable":true,"href":"https:\/\/asoc-fulbright.es\/index.php?rest_route=\/wp\/v2\/pages\/316"}],"wp:attachment":[{"href":"https:\/\/asoc-fulbright.es\/index.php?rest_route=%2Fwp%2Fv2%2Fmedia&parent=1309"}],"curies":[{"name":"wp","href":"https:\/\/api.w.org\/{rel}","templated":true}]}}