{"id":120,"date":"2009-01-13T18:18:48","date_gmt":"2009-01-13T17:18:48","guid":{"rendered":"http:\/\/beta.asoc-fulbright.es\/?page_id=120"},"modified":"2012-09-23T21:03:47","modified_gmt":"2012-09-23T20:03:47","slug":"coen-comision-de-encuentros-nacionales","status":"publish","type":"page","link":"https:\/\/asoc-fulbright.es\/?page_id=120","title":{"rendered":"Encuentros Nacionales"},"content":{"rendered":"<div class=\"plain\">\n<h2>Objetivos<\/h2>\n<p>El objetivo del COEN es el de preparar y organizar los Encuentros Nacionales que se realizan anualmente en la Asociaci\u00f3n<\/p>\n<h2>Integrantes<\/h2>\n<ul>\n<li>Agustin Guimer\u00e1<\/li>\n<li>Antonio Escobar.<\/li>\n<\/ul>\n<h2>Contacto<\/h2>\n<p>Para contactar con el COEN puedes escribir a la siguiente direcci\u00f3n: <span class=\"link-mailto\"><a href=\"mailto: coenfulbright at googlegroups dot com\">coenfulbright at googlegroups dot com<\/a> .<\/span><\/p>\n<\/div>\n","protected":false},"excerpt":{"rendered":"<p>Objetivos El objetivo del COEN es el de preparar y organizar los Encuentros Nacionales que se realizan anualmente en la Asociaci\u00f3n Integrantes Agustin Guimer\u00e1 Antonio Escobar. Contacto Para contactar con el COEN puedes escribir a la siguiente direcci\u00f3n: coenfulbright at googlegroups dot com .<\/p>\n","protected":false},"author":1,"featured_media":0,"parent":100,"menu_order":0,"comment_status":"open","ping_status":"open","template":"","meta":{"ngg_post_thumbnail":0,"footnotes":""},"class_list":["post-120","page","type-page","status-publish","hentry"],"_links":{"self":[{"href":"https:\/\/asoc-fulbright.es\/index.php?rest_route=\/wp\/v2\/pages\/120","targetHints":{"allow":["GET"]}}],"collection":[{"href":"https:\/\/asoc-fulbright.es\/index.php?rest_route=\/wp\/v2\/pages"}],"about":[{"href":"https:\/\/asoc-fulbright.es\/index.php?rest_route=\/wp\/v2\/types\/page"}],"author":[{"embeddable":true,"href":"https:\/\/asoc-fulbright.es\/index.php?rest_route=\/wp\/v2\/users\/1"}],"replies":[{"embeddable":true,"href":"https:\/\/asoc-fulbright.es\/index.php?rest_route=%2Fwp%2Fv2%2Fcomments&post=120"}],"version-history":[{"count":9,"href":"https:\/\/asoc-fulbright.es\/index.php?rest_route=\/wp\/v2\/pages\/120\/revisions"}],"predecessor-version":[{"id":2438,"href":"https:\/\/asoc-fulbright.es\/index.php?rest_route=\/wp\/v2\/pages\/120\/revisions\/2438"}],"up":[{"embeddable":true,"href":"https:\/\/asoc-fulbright.es\/index.php?rest_route=\/wp\/v2\/pages\/100"}],"wp:attachment":[{"href":"https:\/\/asoc-fulbright.es\/index.php?rest_route=%2Fwp%2Fv2%2Fmedia&parent=120"}],"curies":[{"name":"wp","href":"https:\/\/api.w.org\/{rel}","templated":true}]}}