{"id":109,"date":"2009-01-13T18:15:35","date_gmt":"2009-01-13T17:15:35","guid":{"rendered":"http:\/\/beta.asoc-fulbright.es\/?page_id=109"},"modified":"2012-09-23T21:05:04","modified_gmt":"2012-09-23T20:05:04","slug":"cote-comision-de-tertulias","status":"publish","type":"page","link":"https:\/\/asoc-fulbright.es\/?page_id=109","title":{"rendered":"Organizaci\u00f3n de Tertulias"},"content":{"rendered":"<div class=\"plain\">\n<h2>Objetivos:<\/h2>\n<p>El objetivo del COTE es el de organizar las tertulias Fulbright que se realizan semanalmente<\/p>\n<h2>Integrantes:<\/h2>\n<ul>\n<li>Gil Carbajal<\/li>\n<li>Antonio Escobar<\/li>\n<li>Mariano Gomez<\/li>\n<li>Andr\u00e9s Barrera<\/li>\n<li>Carlos \u00c1lvarez<\/li>\n<\/ul>\n<h2>Contacto:<\/h2>\n<p>Para contactar con el COTE puedes escribir a la siguiente direcci\u00f3n: <span class=\"link-mailto\"><a href=\"mailto: cotefulbright at googlegroups dot com\">cotefulbright at googlegroups dot com<\/a> .<\/span><\/p>\n<\/div>\n","protected":false},"excerpt":{"rendered":"<p>Objetivos: El objetivo del COTE es el de organizar las tertulias Fulbright que se realizan semanalmente Integrantes: Gil Carbajal Antonio Escobar Mariano Gomez Andr\u00e9s Barrera Carlos \u00c1lvarez Contacto: Para contactar con el COTE puedes escribir a la siguiente direcci\u00f3n: cotefulbright at googlegroups dot com .<\/p>\n","protected":false},"author":1,"featured_media":0,"parent":100,"menu_order":0,"comment_status":"open","ping_status":"open","template":"","meta":{"ngg_post_thumbnail":0,"footnotes":""},"class_list":["post-109","page","type-page","status-publish","hentry"],"_links":{"self":[{"href":"https:\/\/asoc-fulbright.es\/index.php?rest_route=\/wp\/v2\/pages\/109","targetHints":{"allow":["GET"]}}],"collection":[{"href":"https:\/\/asoc-fulbright.es\/index.php?rest_route=\/wp\/v2\/pages"}],"about":[{"href":"https:\/\/asoc-fulbright.es\/index.php?rest_route=\/wp\/v2\/types\/page"}],"author":[{"embeddable":true,"href":"https:\/\/asoc-fulbright.es\/index.php?rest_route=\/wp\/v2\/users\/1"}],"replies":[{"embeddable":true,"href":"https:\/\/asoc-fulbright.es\/index.php?rest_route=%2Fwp%2Fv2%2Fcomments&post=109"}],"version-history":[{"count":5,"href":"https:\/\/asoc-fulbright.es\/index.php?rest_route=\/wp\/v2\/pages\/109\/revisions"}],"predecessor-version":[{"id":2440,"href":"https:\/\/asoc-fulbright.es\/index.php?rest_route=\/wp\/v2\/pages\/109\/revisions\/2440"}],"up":[{"embeddable":true,"href":"https:\/\/asoc-fulbright.es\/index.php?rest_route=\/wp\/v2\/pages\/100"}],"wp:attachment":[{"href":"https:\/\/asoc-fulbright.es\/index.php?rest_route=%2Fwp%2Fv2%2Fmedia&parent=109"}],"curies":[{"name":"wp","href":"https:\/\/api.w.org\/{rel}","templated":true}]}}